CRAN Package Check Results for Package codexcopd

Last updated on 2021-04-16 21:50:15 CEST.

Flavor Version Tinstall Tcheck Ttotal Status Flags
r-devel-linux-x86_64-debian-clang 0.1.0 1.80 19.57 21.37 NOTE
r-devel-linux-x86_64-debian-gcc 0.1.0 1.33 15.39 16.72 NOTE
r-devel-linux-x86_64-fedora-clang 0.1.0 35.75 NOTE
r-devel-linux-x86_64-fedora-gcc 0.1.0 25.43 NOTE
r-devel-windows-ix86+x86_64 0.1.0 4.00 30.00 34.00 NOTE
r-devel-windows-x86_64-gcc10-UCRT 0.1.0 NOTE
r-patched-linux-x86_64 0.1.0 1.78 18.63 20.41 OK
r-patched-solaris-x86 0.1.0 39.90 OK
r-release-linux-x86_64 0.1.0 1.39 18.84 20.23 OK
r-release-macos-x86_64 0.1.0 OK
r-release-windows-ix86+x86_64 0.1.0 4.00 25.00 29.00 OK
r-oldrel-macos-x86_64 0.1.0 OK
r-oldrel-windows-ix86+x86_64 0.1.0 8.00 44.00 52.00 OK

Check Details

Version: 0.1.0
Check: LazyData
Result: NOTE
     'LazyData' is specified without a 'data' directory
Flavors: r-devel-linux-x86_64-debian-clang, r-devel-linux-x86_64-debian-gcc, r-devel-linux-x86_64-fedora-clang, r-devel-linux-x86_64-fedora-gcc, r-devel-windows-ix86+x86_64, r-devel-windows-x86_64-gcc10-UCRT