CRAN Package Check Results for Package codingMatrices

Last updated on 2021-10-18 00:48:09 CEST.

Flavor Version Tinstall Tcheck Ttotal Status Flags
r-devel-linux-x86_64-debian-clang 0.3.3 6.19 78.76 84.95 NOTE
r-devel-linux-x86_64-debian-gcc 0.3.3 5.78 62.17 67.95 NOTE
r-devel-linux-x86_64-fedora-clang 0.3.3 116.92 NOTE
r-devel-linux-x86_64-fedora-gcc 0.3.3 107.66 NOTE
r-devel-windows-x86_64 0.3.3 11.00 108.00 119.00 NOTE
r-devel-windows-x86_64-gcc10-UCRT 0.3.3 NOTE
r-patched-linux-x86_64 0.3.3 7.06 76.90 83.96 NOTE
r-patched-solaris-x86 0.3.3 156.40 NOTE
r-release-linux-x86_64 0.3.3 7.47 77.16 84.63 NOTE
r-release-macos-arm64 0.3.3 NOTE
r-release-macos-x86_64 0.3.3 NOTE
r-release-windows-ix86+x86_64 0.3.3 13.00 111.00 124.00 NOTE
r-oldrel-macos-x86_64 0.3.3 OK
r-oldrel-windows-ix86+x86_64 0.3.3 18.00 109.00 127.00 OK

Check Details

Version: 0.3.3
Check: LazyData
Result: NOTE
     'LazyData' is specified without a 'data' directory
Flavors: r-devel-linux-x86_64-debian-clang, r-devel-linux-x86_64-debian-gcc, r-devel-linux-x86_64-fedora-clang, r-devel-linux-x86_64-fedora-gcc, r-devel-windows-x86_64, r-devel-windows-x86_64-gcc10-UCRT, r-patched-linux-x86_64, r-patched-solaris-x86, r-release-linux-x86_64, r-release-macos-arm64, r-release-macos-x86_64, r-release-windows-ix86+x86_64