CRAN Package Check Results for Package cognitoR

Last updated on 2020-09-22 05:50:40 CEST.

Flavor Version Tinstall Tcheck Ttotal Status Flags
r-devel-linux-x86_64-debian-clang 1.0.1 4.61 43.16 47.77 OK
r-devel-linux-x86_64-debian-gcc 1.0.1 0.39 2.13 2.52 ERROR
r-devel-linux-x86_64-fedora-clang 1.0.1 67.36 NOTE
r-devel-linux-x86_64-fedora-gcc 1.0.1 58.09 NOTE
r-devel-windows-ix86+x86_64 1.0.1 13.00 58.00 71.00 OK
r-patched-linux-x86_64 1.0.1 4.66 41.66 46.32 OK
r-patched-solaris-x86 1.0.1 88.60 NOTE
r-release-linux-x86_64 1.0.1 5.44 41.49 46.93 OK
r-release-macos-x86_64 1.0.1 NOTE
r-release-windows-ix86+x86_64 1.0.1 13.00 67.00 80.00 OK
r-oldrel-macos-x86_64 1.0.1 NOTE
r-oldrel-windows-ix86+x86_64 1.0.1 9.00 61.00 70.00 OK

Check Details

Version: 1.0.1
Check: whether package can be installed
Result: ERROR
    Installation failed.
Flavor: r-devel-linux-x86_64-debian-gcc

Version: 1.0.1
Check: dependencies in R code
Result: NOTE
    Namespace in Imports field not imported from: ‘yaml’
     All declared Imports should be used.
Flavors: r-devel-linux-x86_64-fedora-clang, r-devel-linux-x86_64-fedora-gcc, r-patched-solaris-x86, r-release-macos-x86_64, r-oldrel-macos-x86_64