CRAN Package Check Results for Package cognitoR

Last updated on 2022-05-19 15:53:14 CEST.

Flavor Version Tinstall Tcheck Ttotal Status Flags
r-devel-linux-x86_64-debian-clang 1.0.2 7.82 73.01 80.83 NOTE
r-devel-linux-x86_64-debian-gcc 1.0.2 5.84 53.02 58.86 NOTE
r-devel-linux-x86_64-fedora-clang 1.0.2 94.38 NOTE
r-devel-linux-x86_64-fedora-gcc 1.0.2 88.71 NOTE
r-devel-windows-x86_64 1.0.2 28.00 89.00 117.00 NOTE
r-patched-linux-x86_64 1.0.2 6.18 65.50 71.68 NOTE
r-release-linux-x86_64 1.0.2 4.24 65.62 69.86 NOTE
r-release-macos-arm64 1.0.2 28.00 NOTE
r-release-macos-x86_64 1.0.2 45.00 NOTE
r-release-windows-x86_64 1.0.2 27.00 92.00 119.00 NOTE
r-oldrel-macos-arm64 1.0.2 32.00 NOTE
r-oldrel-macos-x86_64 1.0.2 48.00 NOTE
r-oldrel-windows-ix86+x86_64 1.0.2 20.00 75.00 95.00 NOTE

Check Details

Version: 1.0.2
Check: LazyData
Result: NOTE
     'LazyData' is specified without a 'data' directory
Flavors: r-devel-linux-x86_64-debian-clang, r-devel-linux-x86_64-debian-gcc, r-devel-linux-x86_64-fedora-clang, r-devel-linux-x86_64-fedora-gcc, r-devel-windows-x86_64, r-patched-linux-x86_64, r-release-linux-x86_64, r-release-macos-arm64, r-release-macos-x86_64, r-release-windows-x86_64, r-oldrel-macos-arm64, r-oldrel-macos-x86_64, r-oldrel-windows-ix86+x86_64

Version: 1.0.2
Check: dependencies in R code
Result: NOTE
    Namespace in Imports field not imported from: ‘yaml’
     All declared Imports should be used.
Flavors: r-devel-linux-x86_64-fedora-clang, r-devel-linux-x86_64-fedora-gcc, r-release-macos-arm64, r-release-macos-x86_64, r-oldrel-macos-arm64, r-oldrel-macos-x86_64