CRAN Package Check Results for Package coin

Last updated on 2019-03-23 11:50:48 CET.

Flavor Version Tinstall Tcheck Ttotal Status Flags
r-devel-linux-x86_64-debian-clang 1.3-0 17.47 295.45 312.92 OK
r-devel-linux-x86_64-debian-gcc 1.3-0 12.10 234.72 246.82 OK
r-devel-linux-x86_64-fedora-clang 1.3-0 363.07 OK
r-devel-linux-x86_64-fedora-gcc 1.3-0 349.73 OK
r-devel-windows-ix86+x86_64 1.3-0 42.00 561.00 603.00 OK
r-patched-linux-x86_64 1.3-0 10.77 274.49 285.26 OK
r-patched-solaris-x86 1.3-0 568.70 OK
r-release-linux-x86_64 1.3-0 0.68 3.34 4.02 ERROR
r-release-windows-ix86+x86_64 1.3-0 26.00 435.00 461.00 OK
r-release-osx-x86_64 1.3-0 OK
r-oldrel-windows-ix86+x86_64 1.3-0 34.00 585.00 619.00 OK
r-oldrel-osx-x86_64 1.3-0 OK

Additional issues

noLD

Check Details

Version: 1.3-0
Check: whether package can be installed
Result: ERROR
    Installation failed.
Flavor: r-release-linux-x86_64