CRAN Package Check Results for Package colf

Last updated on 2023-03-28 00:51:45 CEST.

Flavor Version Tinstall Tcheck Ttotal Status Flags
r-devel-linux-x86_64-debian-clang 0.1.3 2.35 29.24 31.59 NOTE
r-devel-linux-x86_64-debian-gcc 0.1.3 1.91 23.20 25.11 NOTE
r-devel-linux-x86_64-fedora-clang 0.1.3 41.01 NOTE
r-devel-linux-x86_64-fedora-gcc 0.1.3 49.71 NOTE
r-devel-windows-x86_64 0.1.3 16.00 67.00 83.00 NOTE
r-patched-linux-x86_64 0.1.3 2.07 28.95 31.02 NOTE
r-release-linux-x86_64 0.1.3 2.17 30.82 32.99 NOTE
r-release-macos-arm64 0.1.3 21.00 NOTE
r-release-macos-x86_64 0.1.3 25.00 NOTE
r-release-windows-x86_64 0.1.3 16.00 66.00 82.00 NOTE
r-oldrel-macos-arm64 0.1.3 20.00 NOTE
r-oldrel-macos-x86_64 0.1.3 37.00 NOTE
r-oldrel-windows-ix86+x86_64 0.1.3 7.00 57.00 64.00 NOTE

Check Details

Version: 0.1.3
Check: LazyData
Result: NOTE
     'LazyData' is specified without a 'data' directory
Flavors: r-devel-linux-x86_64-debian-clang, r-devel-linux-x86_64-debian-gcc, r-devel-linux-x86_64-fedora-clang, r-devel-linux-x86_64-fedora-gcc, r-devel-windows-x86_64, r-patched-linux-x86_64, r-release-linux-x86_64, r-release-macos-arm64, r-release-macos-x86_64, r-release-windows-x86_64, r-oldrel-macos-arm64, r-oldrel-macos-x86_64, r-oldrel-windows-ix86+x86_64