Last updated on 2023-06-05 14:56:42 CEST.
Flavor | Version | Tinstall | Tcheck | Ttotal | Status | Flags |
---|---|---|---|---|---|---|
r-devel-linux-x86_64-debian-clang | 1.0.5 | 27.86 | 40.76 | 68.62 | OK | |
r-devel-linux-x86_64-debian-gcc | 1.0.5 | 20.39 | 31.56 | 51.95 | OK | |
r-devel-linux-x86_64-fedora-clang | 1.0.5 | 109.88 | NOTE | |||
r-devel-linux-x86_64-fedora-gcc | 1.0.5 | 93.22 | NOTE | |||
r-devel-windows-x86_64 | 1.0.5 | 21.00 | 66.00 | 87.00 | OK | |
r-patched-linux-x86_64 | 1.0.5 | 20.54 | 39.46 | 60.00 | OK | |
r-release-linux-x86_64 | 1.0.5 | 23.28 | 39.68 | 62.96 | OK | |
r-release-macos-arm64 | 1.0.5 | 34.00 | OK | |||
r-release-macos-x86_64 | 1.0.5 | 48.00 | OK | |||
r-release-windows-x86_64 | 1.0.5 | 22.00 | 80.00 | 102.00 | OK | |
r-oldrel-macos-arm64 | 1.0.5 | 28.00 | OK | |||
r-oldrel-macos-x86_64 | 1.0.5 | 39.00 | OK | |||
r-oldrel-windows-x86_64 | 1.0.5 | 27.00 | 76.00 | 103.00 | OK |
Version: 1.0.5
Check: compiled code
Result: NOTE
File ‘collUtils/libs/collUtils.so’:
Found no calls to: ‘R_registerRoutines’, ‘R_useDynamicSymbols’
It is good practice to register native routines and to disable symbol
search.
See ‘Writing portable packages’ in the ‘Writing R Extensions’ manual.
Flavors: r-devel-linux-x86_64-fedora-clang, r-devel-linux-x86_64-fedora-gcc