CRAN Package Check Results for Package collapse

Last updated on 2021-05-18 12:51:56 CEST.

Flavor Version Tinstall Tcheck Ttotal Status Flags
r-devel-linux-x86_64-debian-clang 1.5.3 322.03 192.19 514.22 OK
r-devel-linux-x86_64-debian-gcc 1.5.3 242.54 140.47 383.01 OK
r-devel-linux-x86_64-fedora-clang 1.5.3 711.32 OK
r-devel-linux-x86_64-fedora-gcc 1.5.3 683.96 OK
r-devel-windows-ix86+x86_64 1.5.3 771.00 289.00 1060.00 NOTE
r-devel-windows-x86_64-gcc10-UCRT 1.5.3 OK
r-patched-linux-x86_64 1.5.3 281.83 184.35 466.18 OK
r-patched-solaris-x86 1.5.3 681.50 OK
r-release-linux-x86_64 1.5.3 279.34 173.15 452.49 OK
r-release-macos-x86_64 1.5.3 NOTE
r-release-windows-ix86+x86_64 1.5.3 567.00 246.00 813.00 NOTE
r-oldrel-macos-x86_64 1.5.3 NOTE
r-oldrel-windows-ix86+x86_64 1.5.3 550.00 288.00 838.00 NOTE

Check Details

Version: 1.5.3
Check: installed package size
Result: NOTE
     installed size is 7.1Mb
     sub-directories of 1Mb or more:
     libs 5.1Mb
Flavors: r-devel-windows-ix86+x86_64, r-release-macos-x86_64, r-release-windows-ix86+x86_64, r-oldrel-macos-x86_64, r-oldrel-windows-ix86+x86_64