CRAN Package Check Results for Package collapse

Last updated on 2020-10-25 00:46:29 CEST.

Flavor Version Tinstall Tcheck Ttotal Status Flags
r-devel-linux-x86_64-debian-clang 1.3.2 357.90 390.92 748.82 OK
r-devel-linux-x86_64-debian-gcc 1.3.2 275.60 284.28 559.88 OK
r-devel-linux-x86_64-fedora-clang 1.3.2 954.20 NOTE
r-devel-linux-x86_64-fedora-gcc 1.3.2 918.01 OK
r-devel-windows-ix86+x86_64 1.3.2 742.00 622.00 1364.00 NOTE
r-patched-linux-x86_64 1.3.2 338.62 367.41 706.03 OK
r-patched-solaris-x86 1.3.2 982.90 NOTE
r-release-linux-x86_64 1.3.2 323.00 363.09 686.09 OK
r-release-macos-x86_64 1.3.2 NOTE
r-release-windows-ix86+x86_64 1.3.2 537.00 475.00 1012.00 NOTE
r-oldrel-macos-x86_64 1.3.2 NOTE
r-oldrel-windows-ix86+x86_64 1.3.2 708.00 582.00 1290.00 NOTE

Check Details

Version: 1.3.2
Check: installed package size
Result: NOTE
     installed size is 5.8Mb
     sub-directories of 1Mb or more:
     doc 1.9Mb
     libs 2.0Mb
Flavors: r-devel-linux-x86_64-fedora-clang, r-devel-windows-ix86+x86_64, r-patched-solaris-x86, r-release-macos-x86_64, r-release-windows-ix86+x86_64, r-oldrel-macos-x86_64, r-oldrel-windows-ix86+x86_64