CRAN Package Check Results for Package collinear

Last updated on 2024-02-24 19:50:35 CET.

Flavor Version Tinstall Tcheck Ttotal Status Flags
r-devel-linux-x86_64-debian-clang 1.1.1 8.40 287.78 296.18 OK
r-devel-linux-x86_64-debian-gcc 1.1.1 7.43 202.95 210.38 OK
r-devel-linux-x86_64-fedora-clang 1.1.1 354.11 NOTE
r-devel-linux-x86_64-fedora-gcc 1.1.1 342.27 NOTE
r-devel-windows-x86_64 1.1.1 10.00 286.00 296.00 OK
r-patched-linux-x86_64 1.1.1 8.67 268.02 276.69 OK
r-release-linux-x86_64 1.1.1 9.70 268.97 278.67 OK
r-release-macos-arm64 1.1.1 134.00 OK
r-release-macos-x86_64 1.1.1 221.00 OK
r-release-windows-x86_64 1.1.1 14.00 362.00 376.00 OK
r-oldrel-macos-arm64 1.1.1 135.00 OK
r-oldrel-windows-x86_64 1.1.1 14.00 364.00 378.00 OK

Check Details

Version: 1.1.1
Check: data for non-ASCII characters
Result: NOTE Note: found 89 marked Latin-1 strings Note: found 1203 marked UTF-8 strings Flavors: r-devel-linux-x86_64-fedora-clang, r-devel-linux-x86_64-fedora-gcc