CRAN Package Check Results for Package colorRamps

Last updated on 2021-12-07 08:51:50 CET.

Flavor Version Tinstall Tcheck Ttotal Status Flags
r-devel-linux-x86_64-debian-clang 2.3 1.88 29.33 31.21 NOTE
r-devel-linux-x86_64-debian-gcc 2.3 1.52 23.37 24.89 NOTE
r-devel-linux-x86_64-fedora-clang 2.3 39.32 NOTE
r-devel-linux-x86_64-fedora-gcc 2.3 29.00 NOTE
r-devel-windows-x86_64-new-UL 2.3 5.00 59.00 64.00 NOTE
r-devel-windows-x86_64-new-TK 2.3 NOTE
r-devel-windows-x86_64-old 2.3 3.00 37.00 40.00 NOTE
r-patched-linux-x86_64 2.3 1.86 28.22 30.08 NOTE
r-release-linux-x86_64 2.3 1.91 28.39 30.30 NOTE
r-release-macos-arm64 2.3 NOTE
r-release-macos-x86_64 2.3 NOTE
r-release-windows-ix86+x86_64 2.3 4.00 28.00 32.00 NOTE
r-oldrel-macos-x86_64 2.3 NOTE
r-oldrel-windows-ix86+x86_64 2.3 4.00 27.00 31.00 NOTE

Check Details

Version: 2.3
Check: DESCRIPTION meta-information
Result: NOTE
    Malformed Description field: should contain one or more complete sentences.
Flavors: r-devel-linux-x86_64-debian-clang, r-devel-linux-x86_64-debian-gcc, r-devel-linux-x86_64-fedora-clang, r-devel-linux-x86_64-fedora-gcc, r-devel-windows-x86_64-new-UL, r-devel-windows-x86_64-new-TK, r-devel-windows-x86_64-old, r-patched-linux-x86_64, r-release-linux-x86_64, r-release-macos-arm64, r-release-macos-x86_64, r-release-windows-ix86+x86_64, r-oldrel-macos-x86_64, r-oldrel-windows-ix86+x86_64

Version: 2.3
Check: R code for possible problems
Result: NOTE
    primary.colors: no visible global function definition for 'rgb'
    rgb.tables: no visible global function definition for 'rgb'
    ygobb: no visible global function definition for 'approx'
    ygobb: no visible global function definition for 'rgb'
    Undefined global functions or variables:
     approx rgb
    Consider adding
     importFrom("grDevices", "rgb")
     importFrom("stats", "approx")
    to your NAMESPACE file.
Flavors: r-devel-linux-x86_64-debian-clang, r-devel-linux-x86_64-debian-gcc, r-devel-linux-x86_64-fedora-clang, r-devel-linux-x86_64-fedora-gcc, r-devel-windows-x86_64-new-UL, r-devel-windows-x86_64-new-TK, r-devel-windows-x86_64-old, r-patched-linux-x86_64, r-release-linux-x86_64, r-release-macos-arm64, r-release-macos-x86_64, r-release-windows-ix86+x86_64, r-oldrel-macos-x86_64, r-oldrel-windows-ix86+x86_64