CRAN Package Check Results for Package colorSpec

Last updated on 2019-09-18 06:49:40 CEST.

Flavor Version Tinstall Tcheck Ttotal Status Flags
r-devel-linux-x86_64-debian-clang 1.0-1 4.20 234.65 238.85 OK
r-devel-linux-x86_64-debian-gcc 1.0-1 3.41 184.99 188.40 OK
r-devel-linux-x86_64-fedora-clang 1.0-1 296.73 NOTE
r-devel-linux-x86_64-fedora-gcc 1.0-1 294.10 OK
r-devel-windows-ix86+x86_64 1.0-1 19.00 221.00 240.00 NOTE
r-patched-linux-x86_64 1.0-1 3.41 232.21 235.62 OK
r-patched-solaris-x86 1.0-1 245.00 NOTE
r-release-linux-x86_64 1.0-1 4.22 231.81 236.03 OK
r-release-windows-ix86+x86_64 1.0-1 10.00 224.00 234.00 NOTE
r-release-osx-x86_64 1.0-1 NOTE
r-oldrel-windows-ix86+x86_64 1.0-1 10.00 203.00 213.00 NOTE
r-oldrel-osx-x86_64 1.0-1 NOTE

Check Details

Version: 1.0-1
Check: installed package size
Result: NOTE
     installed size is 5.5Mb
     sub-directories of 1Mb or more:
     doc 2.6Mb
     extdata 2.1Mb
Flavors: r-devel-linux-x86_64-fedora-clang, r-devel-windows-ix86+x86_64, r-patched-solaris-x86, r-release-windows-ix86+x86_64, r-release-osx-x86_64, r-oldrel-windows-ix86+x86_64, r-oldrel-osx-x86_64