CRAN Package Check Results for Package colorSpec

Last updated on 2019-11-18 03:47:39 CET.

Flavor Version Tinstall Tcheck Ttotal Status Flags
r-devel-linux-x86_64-debian-clang 1.0-1 3.90 239.05 242.95 OK
r-devel-linux-x86_64-debian-gcc 1.0-1 3.46 193.67 197.13 OK
r-devel-linux-x86_64-fedora-clang 1.0-1 299.48 NOTE
r-devel-linux-x86_64-fedora-gcc 1.0-1 309.85 OK
r-devel-windows-ix86+x86_64 1.0-1 18.00 291.00 309.00 NOTE
r-patched-linux-x86_64 1.0-1 4.15 230.00 234.15 OK
r-patched-solaris-x86 1.0-1 256.60 NOTE
r-release-linux-x86_64 1.0-1 4.30 229.03 233.33 OK
r-release-windows-ix86+x86_64 1.0-1 10.00 334.00 344.00 NOTE
r-release-osx-x86_64 1.0-1 NOTE
r-oldrel-windows-ix86+x86_64 1.0-1 11.00 194.00 205.00 NOTE
r-oldrel-osx-x86_64 1.0-1 NOTE

Check Details

Version: 1.0-1
Check: installed package size
Result: NOTE
     installed size is 5.5Mb
     sub-directories of 1Mb or more:
     doc 2.6Mb
     extdata 2.1Mb
Flavors: r-devel-linux-x86_64-fedora-clang, r-devel-windows-ix86+x86_64, r-patched-solaris-x86, r-release-windows-ix86+x86_64, r-release-osx-x86_64, r-oldrel-windows-ix86+x86_64, r-oldrel-osx-x86_64