Last updated on 2022-07-06 05:53:58 CEST.
Flavor | Version | Tinstall | Tcheck | Ttotal | Status | Flags |
---|---|---|---|---|---|---|
r-devel-linux-x86_64-debian-clang | 1.1.2 | 3.75 | 123.30 | 127.05 | NOTE | |
r-devel-linux-x86_64-debian-gcc | 1.1.2 | 3.16 | 92.44 | 95.60 | NOTE | |
r-devel-linux-x86_64-fedora-clang | 1.1.2 | 163.89 | WARN | |||
r-devel-linux-x86_64-fedora-gcc | 1.1.2 | 160.91 | WARN | |||
r-devel-windows-x86_64 | 1.1.2 | 60.00 | 218.00 | 278.00 | NOTE | |
r-patched-linux-x86_64 | 1.1.2 | 5.19 | 120.59 | 125.78 | NOTE | |
r-release-linux-x86_64 | 1.1.2 | 4.66 | 122.26 | 126.92 | NOTE | |
r-release-macos-arm64 | 1.1.2 | 59.00 | NOTE | |||
r-release-macos-x86_64 | 1.1.2 | 92.00 | NOTE | |||
r-release-windows-x86_64 | 1.1.2 | 60.00 | 193.00 | 253.00 | NOTE | |
r-oldrel-macos-arm64 | 1.1.2 | 65.00 | NOTE | |||
r-oldrel-macos-x86_64 | 1.1.2 | 103.00 | NOTE | |||
r-oldrel-windows-ix86+x86_64 | 1.1.2 | 11.00 | 171.00 | 182.00 | NOTE |
Version: 1.1.2
Check: LazyData
Result: NOTE
'LazyData' is specified without a 'data' directory
Flavors: r-devel-linux-x86_64-debian-clang, r-devel-linux-x86_64-debian-gcc, r-devel-linux-x86_64-fedora-clang, r-devel-linux-x86_64-fedora-gcc, r-devel-windows-x86_64, r-patched-linux-x86_64, r-release-linux-x86_64, r-release-macos-arm64, r-release-macos-x86_64, r-release-windows-x86_64, r-oldrel-macos-arm64, r-oldrel-macos-x86_64, r-oldrel-windows-ix86+x86_64
Version: 1.1.2
Check: package dependencies
Result: WARN
Requires (indirectly) orphaned package: ‘gtools’
Flavors: r-devel-linux-x86_64-fedora-clang, r-devel-linux-x86_64-fedora-gcc
Version: 1.1.2
Check: dependencies in R code
Result: NOTE
Namespaces in Imports field not imported from:
‘magrittr’ ‘qpdf’
All declared Imports should be used.
Flavors: r-devel-linux-x86_64-fedora-clang, r-devel-linux-x86_64-fedora-gcc, r-release-macos-arm64, r-release-macos-x86_64, r-oldrel-macos-arm64, r-oldrel-macos-x86_64