CRAN Package Check Results for Package colorizer

Last updated on 2023-03-27 19:51:45 CEST.

Flavor Version Tinstall Tcheck Ttotal Status Flags
r-devel-linux-x86_64-debian-clang 0.1.0 5.95 47.33 53.28 NOTE
r-devel-linux-x86_64-debian-gcc 0.1.0 4.58 35.64 40.22 NOTE
r-devel-linux-x86_64-fedora-clang 0.1.0 68.61 NOTE
r-devel-linux-x86_64-fedora-gcc 0.1.0 61.50 NOTE
r-patched-linux-x86_64 0.1.0 5.36 44.11 49.47 NOTE
r-release-linux-x86_64 0.1.0 5.24 46.46 51.70 NOTE
r-release-macos-arm64 0.1.0 22.00 NOTE
r-release-macos-x86_64 0.1.0 43.00 NOTE
r-release-windows-x86_64 0.1.0 14.00 81.00 95.00 NOTE
r-oldrel-macos-arm64 0.1.0 27.00 NOTE
r-oldrel-macos-x86_64 0.1.0 40.00 NOTE
r-oldrel-windows-ix86+x86_64 0.1.0 14.00 72.00 86.00 NOTE

Check Details

Version: 0.1.0
Check: LazyData
Result: NOTE
     'LazyData' is specified without a 'data' directory
Flavors: r-devel-linux-x86_64-debian-clang, r-devel-linux-x86_64-debian-gcc, r-devel-linux-x86_64-fedora-clang, r-devel-linux-x86_64-fedora-gcc, r-patched-linux-x86_64, r-release-linux-x86_64, r-release-macos-arm64, r-release-macos-x86_64, r-release-windows-x86_64, r-oldrel-macos-arm64, r-oldrel-macos-x86_64, r-oldrel-windows-ix86+x86_64