CRAN Package Check Results for Package colorizer

Last updated on 2024-04-13 06:00:56 CEST.

Flavor Version Tinstall Tcheck Ttotal Status Flags
r-devel-linux-x86_64-debian-clang 0.1.0 5.99 46.94 52.93 NOTE
r-devel-linux-x86_64-debian-gcc 0.1.0 4.81 35.53 40.34 NOTE
r-devel-linux-x86_64-fedora-clang 0.1.0 69.33 NOTE
r-devel-linux-x86_64-fedora-gcc 0.1.0 75.22 NOTE
r-devel-windows-x86_64 0.1.0 7.00 55.00 62.00 NOTE
r-patched-linux-x86_64 0.1.0 5.00 44.90 49.90 NOTE
r-release-linux-x86_64 0.1.0 5.49 46.23 51.72 NOTE
r-release-macos-arm64 0.1.0 23.00 NOTE
r-release-macos-x86_64 0.1.0 35.00 NOTE
r-release-windows-x86_64 0.1.0 8.00 57.00 65.00 NOTE
r-oldrel-macos-arm64 0.1.0 22.00 NOTE
r-oldrel-windows-x86_64 0.1.0 9.00 62.00 71.00 NOTE

Check Details

Version: 0.1.0
Check: LazyData
Result: NOTE 'LazyData' is specified without a 'data' directory Flavors: r-devel-linux-x86_64-debian-clang, r-devel-linux-x86_64-debian-gcc, r-devel-linux-x86_64-fedora-clang, r-devel-linux-x86_64-fedora-gcc, r-devel-windows-x86_64, r-patched-linux-x86_64, r-release-linux-x86_64, r-release-macos-arm64, r-release-macos-x86_64, r-release-windows-x86_64, r-oldrel-macos-arm64, r-oldrel-windows-x86_64