CRAN Package Check Results for Package colormap

Last updated on 2022-12-03 18:55:54 CET.

Flavor Version Tinstall Tcheck Ttotal Status Flags
r-devel-linux-x86_64-debian-clang 0.1.4 2.43 35.20 37.63 NOTE
r-devel-linux-x86_64-debian-gcc 0.1.4 2.01 27.10 29.11 NOTE
r-devel-linux-x86_64-fedora-clang 0.1.4 60.81 NOTE
r-devel-linux-x86_64-fedora-gcc 0.1.4 61.92 NOTE
r-devel-windows-x86_64 0.1.4 14.00 60.00 74.00 NOTE
r-patched-linux-x86_64 0.1.4 2.82 33.30 36.12 NOTE
r-release-linux-x86_64 0.1.4 2.82 33.69 36.51 NOTE
r-release-macos-arm64 0.1.4 18.00 NOTE
r-release-macos-x86_64 0.1.4 34.00 NOTE
r-release-windows-x86_64 0.1.4 7.00 63.00 70.00 NOTE
r-oldrel-macos-arm64 0.1.4 23.00 NOTE
r-oldrel-macos-x86_64 0.1.4 33.00 NOTE
r-oldrel-windows-ix86+x86_64 0.1.4 11.00 68.00 79.00 NOTE

Check Details

Version: 0.1.4
Check: LazyData
Result: NOTE
     'LazyData' is specified without a 'data' directory
Flavors: r-devel-linux-x86_64-debian-clang, r-devel-linux-x86_64-debian-gcc, r-devel-linux-x86_64-fedora-clang, r-devel-linux-x86_64-fedora-gcc, r-devel-windows-x86_64, r-patched-linux-x86_64, r-release-linux-x86_64, r-release-macos-arm64, r-release-macos-x86_64, r-release-windows-x86_64, r-oldrel-macos-arm64, r-oldrel-macos-x86_64, r-oldrel-windows-ix86+x86_64