CRAN Package Check Results for Package colorpatch

Last updated on 2020-06-03 19:47:20 CEST.

Flavor Version Tinstall Tcheck Ttotal Status Flags
r-devel-linux-x86_64-debian-clang 0.1.2 5.14 50.31 55.45 OK
r-devel-linux-x86_64-debian-gcc 0.1.2 3.75 39.25 43.00 OK
r-devel-linux-x86_64-fedora-clang 0.1.2 73.94 NOTE
r-devel-linux-x86_64-fedora-gcc 0.1.2 65.07 NOTE
r-devel-windows-ix86+x86_64 0.1.2 23.00 96.00 119.00 OK
r-patched-linux-x86_64 0.1.2 4.69 50.00 54.69 OK
r-patched-solaris-x86 0.1.2 93.40 NOTE
r-release-linux-x86_64 0.1.2 4.88 49.46 54.34 OK
r-release-osx-x86_64 0.1.2 NOTE
r-release-windows-ix86+x86_64 0.1.2 11.00 64.00 75.00 OK
r-oldrel-osx-x86_64 0.1.2 NOTE
r-oldrel-windows-ix86+x86_64 0.1.2 10.00 65.00 75.00 OK

Check Details

Version: 0.1.2
Check: dependencies in R code
Result: NOTE
    Namespaces in Imports field not imported from:
     ‘grid’ ‘gridExtra’
     All declared Imports should be used.
Flavors: r-devel-linux-x86_64-fedora-clang, r-devel-linux-x86_64-fedora-gcc, r-patched-solaris-x86, r-release-osx-x86_64, r-oldrel-osx-x86_64