CRAN Package Check Results for Package colorspace

Last updated on 2020-11-30 11:47:24 CET.

Flavor Version Tinstall Tcheck Ttotal Status Flags
r-devel-linux-x86_64-debian-clang 2.0-0 15.42 98.97 114.39 OK
r-devel-linux-x86_64-debian-gcc 2.0-0 11.42 77.49 88.91 OK
r-devel-linux-x86_64-fedora-clang 2.0-0 138.94 OK
r-devel-linux-x86_64-fedora-gcc 2.0-0 132.01 OK
r-devel-windows-ix86+x86_64 2.0-0 27.00 163.00 190.00 OK
r-patched-linux-x86_64 2.0-0 16.93 92.61 109.54 OK
r-patched-solaris-x86 2.0-0 166.90 OK
r-release-linux-x86_64 2.0-0 16.61 92.30 108.91 OK
r-release-macos-x86_64 2.0-0 OK
r-release-windows-ix86+x86_64 2.0-0 27.00 137.00 164.00 OK
r-oldrel-macos-x86_64 2.0-0 NOTE
r-oldrel-windows-ix86+x86_64 2.0-0 22.00 130.00 152.00 OK

Check Details

Version: 2.0-0
Check: dependencies in R code
Result: NOTE
    No protocol specified
    No protocol specified
Flavor: r-oldrel-macos-x86_64