CRAN Package Check Results for Package colourvalues

Last updated on 2021-06-14 04:53:20 CEST.

Flavor Version Tinstall Tcheck Ttotal Status Flags
r-devel-linux-x86_64-debian-clang 0.3.7 93.86 35.49 129.35 NOTE
r-devel-linux-x86_64-debian-gcc 0.3.7 63.92 27.92 91.84 NOTE
r-devel-linux-x86_64-fedora-clang 0.3.7 194.67 NOTE
r-devel-linux-x86_64-fedora-gcc 0.3.7 170.31 NOTE
r-devel-windows-x86_64 0.3.7 112.00 69.00 181.00 NOTE
r-devel-windows-x86_64-gcc10-UCRT 0.3.7 NOTE
r-patched-linux-x86_64 0.3.7 75.42 35.03 110.45 NOTE
r-patched-solaris-x86 0.3.7 158.10 NOTE
r-release-linux-x86_64 0.3.7 75.71 34.82 110.53 NOTE
r-release-macos-arm64 0.3.7 NOTE
r-release-macos-x86_64 0.3.7 NOTE
r-release-windows-ix86+x86_64 0.3.7 173.00 99.00 272.00 NOTE
r-oldrel-macos-x86_64 0.3.7 NOTE
r-oldrel-windows-ix86+x86_64 0.3.7 165.00 97.00 262.00 OK

Check Details

Version: 0.3.7
Check: LazyData
Result: NOTE
     'LazyData' is specified without a 'data' directory
Flavors: r-devel-linux-x86_64-debian-clang, r-devel-linux-x86_64-debian-gcc, r-devel-linux-x86_64-fedora-clang, r-devel-linux-x86_64-fedora-gcc, r-devel-windows-x86_64, r-devel-windows-x86_64-gcc10-UCRT, r-patched-linux-x86_64, r-patched-solaris-x86, r-release-linux-x86_64, r-release-macos-arm64, r-release-macos-x86_64, r-release-windows-ix86+x86_64

Version: 0.3.7
Check: installed package size
Result: NOTE
     installed size is 6.6Mb
     sub-directories of 1Mb or more:
     libs 5.3Mb
Flavors: r-devel-linux-x86_64-fedora-clang, r-release-macos-arm64, r-release-macos-x86_64, r-oldrel-macos-x86_64