CRAN Package Check Results for Package colourvalues

Last updated on 2019-06-20 11:51:40 CEST.

Flavor Version Tinstall Tcheck Ttotal Status Flags
r-devel-linux-x86_64-debian-clang 0.2.2 64.22 27.40 91.62 OK
r-devel-linux-x86_64-debian-gcc 0.2.2 83.40 22.63 106.03 OK
r-devel-linux-x86_64-fedora-clang 0.2.2 135.60 NOTE
r-devel-linux-x86_64-fedora-gcc 0.2.2 142.90 OK
r-devel-windows-ix86+x86_64 0.2.2 181.00 99.00 280.00 OK
r-patched-linux-x86_64 0.2.2 94.80 27.80 122.60 OK
r-patched-solaris-x86 0.2.2 143.10 OK
r-release-linux-x86_64 0.2.2 96.96 27.83 124.79 OK
r-release-windows-ix86+x86_64 0.2.2 145.00 96.00 241.00 OK
r-release-osx-x86_64 0.2.2 NOTE
r-oldrel-windows-ix86+x86_64 0.2.2 136.00 78.00 214.00 OK
r-oldrel-osx-x86_64 0.2.2 NOTE

Check Details

Version: 0.2.2
Check: installed package size
Result: NOTE
     installed size is 7.0Mb
     sub-directories of 1Mb or more:
     libs 5.8Mb
Flavors: r-devel-linux-x86_64-fedora-clang, r-release-osx-x86_64, r-oldrel-osx-x86_64