CRAN Package Check Results for Package colourvalues

Last updated on 2019-09-23 11:48:15 CEST.

Flavor Version Tinstall Tcheck Ttotal Status Flags
r-devel-linux-x86_64-debian-clang 0.2.2 63.85 27.06 90.91 OK
r-devel-linux-x86_64-debian-gcc 0.2.2 85.54 22.05 107.59 OK
r-devel-linux-x86_64-fedora-clang 0.3.0 166.34 NOTE
r-devel-linux-x86_64-fedora-gcc 0.3.0 244.41 OK
r-devel-windows-ix86+x86_64 0.2.2 202.00 89.00 291.00 OK
r-patched-linux-x86_64 0.2.2 89.10 27.03 116.13 OK
r-patched-solaris-x86 0.3.0 147.40 OK
r-release-linux-x86_64 0.2.2 90.70 27.00 117.70 OK
r-release-windows-ix86+x86_64 0.2.2 200.00 97.00 297.00 OK
r-release-osx-x86_64 0.2.2 NOTE
r-oldrel-windows-ix86+x86_64 0.2.2 131.00 68.00 199.00 OK
r-oldrel-osx-x86_64 0.2.2 NOTE

Check Details

Version: 0.3.0
Check: installed package size
Result: NOTE
     installed size is 8.4Mb
     sub-directories of 1Mb or more:
     libs 7.2Mb
Flavor: r-devel-linux-x86_64-fedora-clang

Version: 0.2.2
Check: installed package size
Result: NOTE
     installed size is 7.0Mb
     sub-directories of 1Mb or more:
     libs 5.9Mb
Flavors: r-release-osx-x86_64, r-oldrel-osx-x86_64