CRAN Package Check Results for Package colt

Last updated on 2024-04-25 07:59:48 CEST.

Flavor Version Tinstall Tcheck Ttotal Status Flags
r-devel-linux-x86_64-debian-clang 0.1.1 1.86 25.23 27.09 NOTE
r-devel-linux-x86_64-debian-gcc 0.1.1 1.82 19.35 21.17 NOTE
r-devel-linux-x86_64-fedora-clang 0.1.1 35.56 NOTE
r-devel-linux-x86_64-fedora-gcc 0.1.1 37.25 NOTE
r-devel-windows-x86_64 0.1.1 4.00 42.00 46.00 NOTE
r-patched-linux-x86_64 0.1.1 1.94 23.86 25.80 NOTE
r-release-linux-x86_64 0.1.1 1.61 24.69 26.30 NOTE
r-release-macos-arm64 0.1.1 16.00 NOTE
r-release-windows-x86_64 0.1.1 4.00 43.00 47.00 NOTE
r-oldrel-macos-arm64 0.1.1 16.00 NOTE
r-oldrel-macos-x86_64 0.1.1 22.00 NOTE
r-oldrel-windows-x86_64 0.1.1 6.00 42.00 48.00 NOTE

Check Details

Version: 0.1.1
Check: dependencies in R code
Result: NOTE Unexported object imported by a ':::' call: ‘crayon:::mypaste’ See the note in ?`:::` about the use of this operator. Flavors: r-devel-linux-x86_64-debian-clang, r-devel-linux-x86_64-debian-gcc, r-devel-linux-x86_64-fedora-clang, r-devel-linux-x86_64-fedora-gcc, r-devel-windows-x86_64, r-patched-linux-x86_64, r-release-linux-x86_64, r-release-macos-arm64, r-release-windows-x86_64, r-oldrel-macos-arm64, r-oldrel-macos-x86_64, r-oldrel-windows-x86_64