CRAN Package Check Results for Package comFuncs

Last updated on 2021-04-17 15:48:10 CEST.

Flavor Version Tinstall Tcheck Ttotal Status Flags
r-devel-linux-x86_64-debian-clang 0.0.5 2.16 22.16 24.32 NOTE
r-devel-linux-x86_64-debian-gcc 0.0.5 1.63 17.35 18.98 NOTE
r-devel-linux-x86_64-fedora-clang 0.0.5 39.10 NOTE
r-devel-linux-x86_64-fedora-gcc 0.0.5 28.51 NOTE
r-devel-windows-ix86+x86_64 0.0.5 6.00 37.00 43.00 NOTE
r-devel-windows-x86_64-gcc10-UCRT 0.0.5 NOTE
r-patched-linux-x86_64 0.0.5 2.01 21.45 23.46 OK
r-patched-solaris-x86 0.0.5 46.60 NOTE
r-release-linux-x86_64 0.0.5 1.90 21.31 23.21 OK
r-release-macos-x86_64 0.0.5 ERROR
r-release-windows-ix86+x86_64 0.0.5 28.00 37.00 65.00 OK
r-oldrel-macos-x86_64 0.0.5 ERROR
r-oldrel-windows-ix86+x86_64 0.0.5 1.00 8.00 9.00 ERROR

Check Details

Version: 0.0.5
Check: LazyData
Result: NOTE
     'LazyData' is specified without a 'data' directory
Flavors: r-devel-linux-x86_64-debian-clang, r-devel-linux-x86_64-debian-gcc, r-devel-linux-x86_64-fedora-clang, r-devel-linux-x86_64-fedora-gcc, r-devel-windows-ix86+x86_64, r-devel-windows-x86_64-gcc10-UCRT

Version: 0.0.5
Check: dependencies in R code
Result: NOTE
    Namespace in Imports field not imported from: ‘rstudioapi’
     All declared Imports should be used.
Flavors: r-devel-linux-x86_64-fedora-clang, r-devel-linux-x86_64-fedora-gcc, r-devel-windows-x86_64-gcc10-UCRT, r-patched-solaris-x86

Version: 0.0.5
Check: package dependencies
Result: ERROR
    Package required and available but unsuitable version: ‘stats’
    
    See section ‘The DESCRIPTION file’ in the ‘Writing R Extensions’
    manual.
Flavors: r-release-macos-x86_64, r-oldrel-macos-x86_64, r-oldrel-windows-ix86+x86_64