CRAN Package Check Results for Package combinat

Last updated on 2019-03-21 19:46:52 CET.

Flavor Version Tinstall Tcheck Ttotal Status Flags
r-devel-linux-x86_64-debian-clang 0.0-8 1.54 17.49 19.03 NOTE
r-devel-linux-x86_64-debian-gcc 0.0-8 1.47 14.44 15.91 NOTE
r-devel-linux-x86_64-fedora-clang 0.0-8 23.72 NOTE
r-devel-linux-x86_64-fedora-gcc 0.0-8 22.37 NOTE
r-devel-windows-ix86+x86_64 0.0-8 7.00 37.00 44.00 NOTE
r-patched-linux-x86_64 0.0-8 1.12 16.72 17.84 NOTE
r-patched-solaris-x86 0.0-8 32.60 NOTE
r-release-linux-x86_64 0.0-8 1.00 16.70 17.70 NOTE
r-release-windows-ix86+x86_64 0.0-8 3.00 26.00 29.00 NOTE
r-release-osx-x86_64 0.0-8 NOTE
r-oldrel-windows-ix86+x86_64 0.0-8 3.00 26.00 29.00 NOTE
r-oldrel-osx-x86_64 0.0-8 NOTE

Check Details

Version: 0.0-8
Check: DESCRIPTION meta-information
Result: NOTE
    Malformed Description field: should contain one or more complete sentences.
Flavors: r-devel-linux-x86_64-debian-clang, r-devel-linux-x86_64-debian-gcc, r-devel-linux-x86_64-fedora-clang, r-devel-linux-x86_64-fedora-gcc, r-devel-windows-ix86+x86_64, r-patched-linux-x86_64, r-patched-solaris-x86, r-release-linux-x86_64, r-release-windows-ix86+x86_64, r-release-osx-x86_64, r-oldrel-windows-ix86+x86_64, r-oldrel-osx-x86_64