CRAN Package Check Results for Package combinationpvalues

Last updated on 2021-11-29 15:51:08 CET.

Flavor Version Tinstall Tcheck Ttotal Status Flags
r-devel-linux-x86_64-debian-clang 0.1.4 2.09 20.45 22.54 OK
r-devel-linux-x86_64-debian-gcc 0.1.4 1.51 16.49 18.00 OK
r-devel-linux-x86_64-fedora-clang 0.1.4 38.90 NOTE
r-devel-linux-x86_64-fedora-gcc 0.1.4 28.13 NOTE
r-devel-windows-x86_64-new-UL 0.1.4 7.00 57.00 64.00 OK
r-devel-windows-x86_64-new-TK 0.1.4 NOTE
r-devel-windows-x86_64-old 0.1.4 5.00 29.00 34.00 OK
r-patched-linux-x86_64 0.1.4 2.18 19.61 21.79 OK
r-patched-solaris-x86 0.1.4 45.30 NOTE
r-release-linux-x86_64 0.1.4 1.86 20.03 21.89 OK
r-release-macos-arm64 0.1.4 NOTE
r-release-macos-x86_64 0.1.4 NOTE
r-release-windows-ix86+x86_64 0.1.4 5.00 29.00 34.00 OK
r-oldrel-macos-x86_64 0.1.4 NOTE
r-oldrel-windows-ix86+x86_64 0.1.4 4.00 32.00 36.00 OK

Check Details

Version: 0.1.4
Check: dependencies in R code
Result: NOTE
    Namespaces in Imports field not imported from:
     ‘chi’ ‘dplyr’ ‘spatstat.utils’ ‘utils’
     All declared Imports should be used.
Flavors: r-devel-linux-x86_64-fedora-clang, r-devel-linux-x86_64-fedora-gcc, r-devel-windows-x86_64-new-TK, r-patched-solaris-x86, r-release-macos-arm64, r-release-macos-x86_64, r-oldrel-macos-x86_64