CRAN Package Check Results for Package combiroc

Last updated on 2021-10-23 06:13:05 CEST.

Flavor Version Tinstall Tcheck Ttotal Status Flags
r-devel-linux-x86_64-debian-clang 0.2.3 6.07 77.50 83.57 OK
r-devel-linux-x86_64-debian-gcc 0.2.3 5.29 57.82 63.11 OK
r-devel-linux-x86_64-fedora-clang 0.2.3 113.69 NOTE
r-devel-linux-x86_64-fedora-gcc 0.2.3 99.87 NOTE
r-devel-windows-x86_64 0.2.3 12.00 108.00 120.00 OK
r-devel-windows-x86_64-gcc10-UCRT 0.2.3 NOTE
r-patched-linux-x86_64 0.2.3 6.86 71.13 77.99 OK
r-patched-solaris-x86 0.2.3 137.00 NOTE
r-release-linux-x86_64 0.2.3 5.94 70.78 76.72 OK
r-release-macos-arm64 0.2.3 NOTE
r-release-macos-x86_64 0.2.3 NOTE
r-release-windows-ix86+x86_64 0.2.3 12.00 106.00 118.00 OK
r-oldrel-macos-x86_64 0.2.3 NOTE
r-oldrel-windows-ix86+x86_64 0.2.3 17.00 105.00 122.00 OK

Check Details

Version: 0.2.3
Check: dependencies in R code
Result: NOTE
    Namespace in Imports field not imported from: ‘devtools’
     All declared Imports should be used.
Flavors: r-devel-linux-x86_64-fedora-clang, r-devel-linux-x86_64-fedora-gcc, r-devel-windows-x86_64-gcc10-UCRT, r-patched-solaris-x86, r-release-macos-arm64, r-release-macos-x86_64, r-oldrel-macos-x86_64