CRAN Package Check Results for Package cometExactTest

Last updated on 2021-06-18 19:50:43 CEST.

Flavor Version Tinstall Tcheck Ttotal Status Flags
r-devel-linux-x86_64-debian-clang 0.1.5 4.28 41.47 45.75 NOTE
r-devel-linux-x86_64-debian-gcc 0.1.5 3.80 31.30 35.10 NOTE
r-devel-linux-x86_64-fedora-clang 0.1.5 63.92 NOTE
r-devel-linux-x86_64-fedora-gcc 0.1.5 52.02 NOTE
r-devel-windows-x86_64 0.1.5 9.00 62.00 71.00 OK
r-devel-windows-x86_64-gcc10-UCRT 0.1.5 OK
r-patched-linux-x86_64 0.1.5 4.71 38.61 43.32 NOTE
r-patched-solaris-x86 0.1.5 79.60 NOTE
r-release-linux-x86_64 0.1.5 3.89 38.34 42.23 NOTE
r-release-macos-arm64 0.1.5 OK
r-release-macos-x86_64 0.1.5 OK
r-release-windows-ix86+x86_64 0.1.5 14.00 69.00 83.00 OK
r-oldrel-macos-x86_64 0.1.5 OK
r-oldrel-windows-ix86+x86_64 0.1.5 11.00 72.00 83.00 OK

Check Details

Version: 0.1.5
Check: for non-standard things in the check directory
Result: NOTE
    Found the following files/directories:
     'cometExactTest_plot.pdf'
Flavors: r-devel-linux-x86_64-debian-clang, r-devel-linux-x86_64-debian-gcc, r-devel-linux-x86_64-fedora-clang, r-devel-linux-x86_64-fedora-gcc, r-patched-linux-x86_64, r-patched-solaris-x86, r-release-linux-x86_64