CRAN Package Check Results for Package cometr

Last updated on 2021-01-18 21:49:11 CET.

Flavor Version Tinstall Tcheck Ttotal Status Flags
r-devel-linux-x86_64-debian-clang 0.2.0 3.93 26.03 29.96 OK
r-devel-linux-x86_64-debian-gcc 0.2.0 2.71 20.48 23.19 OK
r-devel-linux-x86_64-fedora-clang 0.2.0 45.40 NOTE
r-devel-linux-x86_64-fedora-gcc 0.2.0 35.44 NOTE
r-devel-windows-ix86+x86_64 0.2.0 6.00 33.00 39.00 OK
r-patched-linux-x86_64 0.2.0 3.37 24.88 28.25 OK
r-patched-solaris-x86 0.2.0 51.10 NOTE
r-release-linux-x86_64 0.2.0 3.37 25.04 28.41 OK
r-release-macos-x86_64 0.2.0 NOTE
r-release-windows-ix86+x86_64 0.2.0 6.00 33.00 39.00 OK
r-oldrel-macos-x86_64 0.2.0 NOTE
r-oldrel-windows-ix86+x86_64 0.2.0 4.00 30.00 34.00 OK

Check Details

Version: 0.2.0
Check: dependencies in R code
Result: NOTE
    Namespace in Imports field not imported from: ‘R6’
     All declared Imports should be used.
Flavors: r-devel-linux-x86_64-fedora-clang, r-devel-linux-x86_64-fedora-gcc, r-patched-solaris-x86, r-release-macos-x86_64, r-oldrel-macos-x86_64