Last updated on 2021-04-18 18:47:25 CEST.
Flavor | Version | Tinstall | Tcheck | Ttotal | Status | Flags |
---|---|---|---|---|---|---|
r-devel-linux-x86_64-debian-clang | 0.1.1 | 36.29 | 39.58 | 75.87 | OK | |
r-devel-linux-x86_64-debian-gcc | 0.1.1 | 25.47 | 31.07 | 56.54 | OK | |
r-devel-linux-x86_64-fedora-clang | 0.1.1 | 105.85 | OK | |||
r-devel-linux-x86_64-fedora-gcc | 0.1.1 | 104.16 | OK | |||
r-devel-windows-ix86+x86_64 | 0.1.1 | 79.00 | 94.00 | 173.00 | OK | |
r-devel-windows-x86_64-gcc10-UCRT | 0.1.1 | OK | ||||
r-patched-linux-x86_64 | 0.1.1 | 31.77 | 38.20 | 69.97 | OK | |
r-patched-solaris-x86 | 0.1.1 | 110.10 | OK | |||
r-release-linux-x86_64 | 0.1.1 | 30.36 | 37.86 | 68.22 | OK | |
r-release-macos-x86_64 | 0.1.1 | OK | ||||
r-release-windows-ix86+x86_64 | 0.1.1 | 67.00 | 93.00 | 160.00 | OK | |
r-oldrel-macos-x86_64 | 0.1.1 | WARN | ||||
r-oldrel-windows-ix86+x86_64 | 0.1.1 | 12.00 | 8.00 | 20.00 | ERROR |
Version: 0.1.1
Check: for code/documentation mismatches
Result: WARN
S4 class codoc mismatches from documentation object 'StringComparator-class':
Slots for class 'StringComparator'
Code: distance ignore_case similarity symmetric tri_inequal use_bytes
Inherited: symmetric distance similarity tri_inequal
Docs: .Data distance ignore_case similarity symmetric tri_inequal
use_bytes
S4 class codoc mismatches from documentation object 'Comparator-class':
Slots for class 'Comparator'
Code: distance similarity symmetric tri_inequal
Docs: .Data distance similarity symmetric tri_inequal
S4 class codoc mismatches from documentation object 'NumericComparator-class':
Slots for class 'NumericComparator'
Code: distance similarity symmetric tri_inequal
Inherited: symmetric distance similarity tri_inequal
Docs: .Data distance similarity symmetric tri_inequal
S4 class codoc mismatches from documentation object 'SequenceComparator-class':
Slots for class 'SequenceComparator'
Code: distance similarity symmetric tri_inequal
Inherited: symmetric distance similarity tri_inequal
Docs: .Data distance similarity symmetric tri_inequal
S4 class codoc mismatches from documentation object 'TokenComparator-class':
Slots for class 'TokenComparator'
Code: distance ordered similarity symmetric tri_inequal
Inherited: symmetric distance similarity tri_inequal
Docs: .Data distance ordered similarity symmetric tri_inequal
Flavor: r-oldrel-macos-x86_64
Version: 0.1.1
Check: whether package can be installed
Result: ERROR
Installation failed.
Flavor: r-oldrel-windows-ix86+x86_64