CRAN Package Check Results for Package compareC

Last updated on 2023-03-29 18:49:24 CEST.

Flavor Version Tinstall Tcheck Ttotal Status Flags
r-devel-linux-x86_64-debian-clang 1.3.2 2.52 33.02 35.54 OK
r-devel-linux-x86_64-debian-gcc 1.3.2 2.21 29.82 32.03 OK
r-devel-linux-x86_64-fedora-clang 1.3.2 43.99 NOTE
r-devel-linux-x86_64-fedora-gcc 1.3.2 47.35 NOTE
r-devel-windows-x86_64 1.3.2 5.00 60.00 65.00 OK
r-patched-linux-x86_64 1.3.2 2.47 36.70 39.17 OK
r-release-linux-x86_64 1.3.2 2.43 36.52 38.95 OK
r-release-macos-arm64 1.3.2 19.00 OK
r-release-macos-x86_64 1.3.2 29.00 OK
r-release-windows-x86_64 1.3.2 21.00 55.00 76.00 OK
r-oldrel-macos-arm64 1.3.2 22.00 OK
r-oldrel-macos-x86_64 1.3.2 26.00 OK
r-oldrel-windows-ix86+x86_64 1.3.2 6.00 183.00 189.00 OK

Check Details

Version: 1.3.2
Check: compiled code
Result: NOTE
    File ‘compareC/libs/compareC.so’:
     Found no calls to: ‘R_registerRoutines’, ‘R_useDynamicSymbols’
    
    It is good practice to register native routines and to disable symbol
    search.
    
    See ‘Writing portable packages’ in the ‘Writing R Extensions’ manual.
Flavors: r-devel-linux-x86_64-fedora-clang, r-devel-linux-x86_64-fedora-gcc