CRAN Package Check Results for Package comparer

Last updated on 2020-12-02 20:47:44 CET.

Flavor Version Tinstall Tcheck Ttotal Status Flags
r-devel-linux-x86_64-debian-clang 0.2.1 4.62 48.34 52.96 OK
r-devel-linux-x86_64-debian-gcc 0.2.1 3.66 40.98 44.64 OK
r-devel-linux-x86_64-fedora-clang 0.2.1 69.07 NOTE
r-devel-linux-x86_64-fedora-gcc 0.2.1 65.13 NOTE
r-devel-windows-ix86+x86_64 0.2.1 8.00 79.00 87.00 OK
r-patched-linux-x86_64 0.2.1 4.42 48.76 53.18 OK
r-patched-solaris-x86 0.2.1 87.10 NOTE
r-release-linux-x86_64 0.2.1 3.72 48.64 52.36 OK
r-release-macos-x86_64 0.2.1 NOTE
r-release-windows-ix86+x86_64 0.2.1 7.00 69.00 76.00 OK
r-oldrel-macos-x86_64 0.2.1 NOTE
r-oldrel-windows-ix86+x86_64 0.2.1 5.00 77.00 82.00 OK

Check Details

Version: 0.2.1
Check: dependencies in R code
Result: NOTE
    Namespace in Imports field not imported from: ‘R6’
     All declared Imports should be used.
Flavors: r-devel-linux-x86_64-fedora-clang, r-devel-linux-x86_64-fedora-gcc, r-patched-solaris-x86, r-release-macos-x86_64, r-oldrel-macos-x86_64