CRAN Package Check Results for Package compas

Last updated on 2019-03-26 07:48:41 CET.

Flavor Version Tinstall Tcheck Ttotal Status Flags
r-devel-linux-x86_64-debian-clang 0.1 80.45 24.56 105.01 OK
r-devel-linux-x86_64-debian-gcc 0.1 80.72 22.12 102.84 OK
r-devel-linux-x86_64-fedora-clang 0.1 164.25 NOTE
r-devel-linux-x86_64-fedora-gcc 0.1 155.31 OK
r-devel-windows-ix86+x86_64 0.1 184.00 74.00 258.00 OK
r-patched-linux-x86_64 0.1 84.68 25.01 109.69 OK
r-patched-solaris-x86 0.1 140.00 OK
r-release-linux-x86_64 0.1 90.36 25.29 115.65 OK
r-release-windows-ix86+x86_64 0.1 173.00 58.00 231.00 OK
r-release-osx-x86_64 0.1 NOTE
r-oldrel-windows-ix86+x86_64 0.1 148.00 71.00 219.00 OK
r-oldrel-osx-x86_64 0.1 NOTE

Check Details

Version: 0.1
Check: installed package size
Result: NOTE
     installed size is 27.9Mb
     sub-directories of 1Mb or more:
     R 1.5Mb
     libs 26.2Mb
Flavors: r-devel-linux-x86_64-fedora-clang, r-release-osx-x86_64, r-oldrel-osx-x86_64