CRAN Package Check Results for Package compas

Last updated on 2022-11-26 10:57:55 CET.

Flavor Version Tinstall Tcheck Ttotal Status Flags
r-devel-linux-x86_64-debian-clang 0.1.1 89.56 31.66 121.22 OK
r-devel-linux-x86_64-debian-gcc 0.1.1 81.42 27.98 109.40 OK
r-devel-linux-x86_64-fedora-clang 0.1.1 200.31 OK
r-devel-windows-x86_64 0.1.1 68.00 82.00 150.00 OK
r-patched-linux-x86_64 0.1.1 OK
r-release-linux-x86_64 0.1.1 78.29 34.25 112.54 OK
r-release-macos-arm64 0.1.1 47.00 NOTE
r-release-macos-x86_64 0.1.1 62.00 NOTE
r-release-windows-x86_64 0.1.1 68.00 86.00 154.00 OK
r-oldrel-macos-arm64 0.1.1 50.00 NOTE
r-oldrel-macos-x86_64 0.1.1 70.00 NOTE
r-oldrel-windows-ix86+x86_64 0.1.1 204.00 80.00 284.00 OK

Check Details

Version: 0.1.1
Check: installed package size
Result: NOTE
     installed size is 30.5Mb
     sub-directories of 1Mb or more:
     R 2.0Mb
     libs 28.3Mb
Flavors: r-release-macos-arm64, r-release-macos-x86_64, r-oldrel-macos-arm64, r-oldrel-macos-x86_64