CRAN Package Check Results for Package compas

Last updated on 2019-01-23 02:48:17 CET.

Flavor Version Tinstall Tcheck Ttotal Status Flags
r-devel-linux-x86_64-debian-clang 0.1 73.94 25.31 99.25 OK
r-devel-linux-x86_64-debian-gcc 0.1 80.39 21.92 102.31 OK
r-devel-linux-x86_64-fedora-clang 0.1 157.98 NOTE
r-devel-linux-x86_64-fedora-gcc 0.1 145.62 OK
r-devel-windows-ix86+x86_64 0.1 178.00 68.00 246.00 OK
r-patched-linux-x86_64 0.1 101.96 25.45 127.41 OK
r-patched-solaris-x86 0.1 143.20 OK
r-release-linux-x86_64 0.1 103.19 25.15 128.34 OK
r-release-windows-ix86+x86_64 0.1 119.00 77.00 196.00 OK
r-release-osx-x86_64 0.1 NOTE
r-oldrel-windows-ix86+x86_64 0.1 147.00 68.00 215.00 OK
r-oldrel-osx-x86_64 0.1 NOTE

Check Details

Version: 0.1
Check: installed package size
Result: NOTE
     installed size is 30.9Mb
     sub-directories of 1Mb or more:
     R 1.5Mb
     libs 29.3Mb
Flavors: r-devel-linux-x86_64-fedora-clang, r-release-osx-x86_64, r-oldrel-osx-x86_64