CRAN Package Check Results for Package compas

Last updated on 2019-07-19 01:47:13 CEST.

Flavor Version Tinstall Tcheck Ttotal Status Flags
r-devel-linux-x86_64-debian-clang 0.1 82.82 24.68 107.50 OK
r-devel-linux-x86_64-debian-gcc 0.1 75.71 22.19 97.90 OK
r-devel-linux-x86_64-fedora-clang 0.1 155.01 NOTE
r-devel-linux-x86_64-fedora-gcc 0.1 163.42 OK
r-devel-windows-ix86+x86_64 0.1 175.00 59.00 234.00 OK
r-patched-linux-x86_64 0.1 89.58 26.66 116.24 OK
r-patched-solaris-x86 0.1 156.80 OK
r-release-linux-x86_64 0.1 86.68 26.63 113.31 OK
r-release-windows-ix86+x86_64 0.1 128.00 58.00 186.00 OK
r-release-osx-x86_64 0.1 NOTE
r-oldrel-windows-ix86+x86_64 0.1 124.00 78.00 202.00 OK
r-oldrel-osx-x86_64 0.1 NOTE

Check Details

Version: 0.1
Check: installed package size
Result: NOTE
     installed size is 27.9Mb
     sub-directories of 1Mb or more:
     R 1.5Mb
     libs 26.2Mb
Flavors: r-devel-linux-x86_64-fedora-clang, r-release-osx-x86_64, r-oldrel-osx-x86_64