Last updated on 2023-09-29 05:05:59 CEST.
Flavor | Version | Tinstall | Tcheck | Ttotal | Status | Flags |
---|---|---|---|---|---|---|
r-devel-linux-x86_64-debian-clang | 0.1.1 | 91.53 | 31.15 | 122.68 | OK | |
r-devel-linux-x86_64-debian-gcc | 0.1.1 | 72.99 | 27.85 | 100.84 | OK | |
r-devel-linux-x86_64-fedora-clang | 0.1.1 | 171.61 | OK | |||
r-devel-linux-x86_64-fedora-gcc | 0.1.1 | 203.73 | OK | |||
r-devel-windows-x86_64 | 0.1.1 | 72.00 | 71.00 | 143.00 | OK | |
r-patched-linux-x86_64 | 0.1.1 | 102.18 | 35.40 | 137.58 | OK | |
r-release-linux-x86_64 | 0.1.1 | 99.22 | 34.67 | 133.89 | OK | |
r-release-macos-arm64 | 0.1.1 | 55.00 | NOTE | |||
r-release-macos-x86_64 | 0.1.1 | 83.00 | NOTE | |||
r-release-windows-x86_64 | 0.1.1 | 91.00 | 76.00 | 167.00 | OK | |
r-oldrel-macos-arm64 | 0.1.1 | 52.00 | NOTE | |||
r-oldrel-macos-x86_64 | 0.1.1 | 62.00 | NOTE | |||
r-oldrel-windows-x86_64 | 0.1.1 | 85.00 | 75.00 | 160.00 | OK |
Version: 0.1.1
Check: installed package size
Result: NOTE
installed size is 30.5Mb
sub-directories of 1Mb or more:
R 2.0Mb
libs 28.4Mb
Flavors: r-release-macos-arm64, r-release-macos-x86_64, r-oldrel-macos-arm64, r-oldrel-macos-x86_64