CRAN Package Check Results for Package compendiumdb

Last updated on 2021-01-24 16:46:32 CET.

Flavor Version Tinstall Tcheck Ttotal Status Flags
r-devel-linux-x86_64-debian-clang 1.0.3 9.20 76.13 85.33 NOTE
r-devel-linux-x86_64-debian-gcc 1.0.3 7.48 57.60 65.08 NOTE
r-devel-linux-x86_64-fedora-clang 1.0.3 111.95 NOTE
r-devel-linux-x86_64-fedora-gcc 1.0.3 100.51 NOTE
r-devel-windows-ix86+x86_64 1.0.3 21.00 102.00 123.00 WARN
r-patched-linux-x86_64 1.0.3 6.92 70.21 77.13 NOTE
r-patched-solaris-x86 1.0.3 135.60 NOTE
r-release-linux-x86_64 1.0.3 8.18 70.27 78.45 NOTE
r-release-macos-x86_64 1.0.3 NOTE
r-release-windows-ix86+x86_64 1.0.3 15.00 96.00 111.00 WARN
r-oldrel-macos-x86_64 1.0.3 NOTE
r-oldrel-windows-ix86+x86_64 1.0.3 15.00 87.00 102.00 WARN

Check Details

Version: 1.0.3
Check: package dependencies
Result: NOTE
    Package suggested but not available for checking: 'inSilicoDb'
Flavors: r-devel-linux-x86_64-debian-clang, r-devel-linux-x86_64-debian-gcc, r-devel-linux-x86_64-fedora-clang, r-devel-linux-x86_64-fedora-gcc, r-devel-windows-ix86+x86_64, r-patched-linux-x86_64, r-patched-solaris-x86, r-release-linux-x86_64, r-release-windows-ix86+x86_64, r-oldrel-windows-ix86+x86_64

Version: 1.0.3
Check: whether package can be installed
Result: WARN
    Found the following significant warnings:
     Warning: namespace 'Rcpp' is not available and has been replaced
Flavors: r-devel-windows-ix86+x86_64, r-release-windows-ix86+x86_64, r-oldrel-windows-ix86+x86_64

Version: 1.0.3
Check: package dependencies
Result: NOTE
    Packages suggested but not available for checking:
     'inSilicoDb', 'GEOmetadb', 'mogene10sttranscriptcluster.db'
Flavor: r-release-macos-x86_64

Version: 1.0.3
Check: package dependencies
Result: NOTE
    Packages suggested but not available for checking:
     'inSilicoDb', 'mogene10sttranscriptcluster.db'
Flavor: r-oldrel-macos-x86_64