CRAN Package Check Results for Package compendiumdb

Last updated on 2020-02-28 15:47:16 CET.

Flavor Version Tinstall Tcheck Ttotal Status Flags
r-devel-linux-x86_64-debian-clang 1.0.3 9.26 73.76 83.02 NOTE
r-devel-linux-x86_64-debian-gcc 1.0.3 7.37 55.95 63.32 NOTE
r-devel-linux-x86_64-fedora-clang 1.0.3 103.20 NOTE
r-devel-linux-x86_64-fedora-gcc 1.0.3 94.03 NOTE
r-devel-windows-ix86+x86_64 1.0.3 20.00 78.00 98.00 NOTE
r-devel-windows-ix86+x86_64-gcc8 1.0.3 19.00 82.00 101.00 NOTE
r-patched-linux-x86_64 1.0.3 7.62 61.63 69.25 NOTE
r-patched-solaris-x86 1.0.3 117.10 NOTE
r-release-linux-x86_64 1.0.3 8.62 61.23 69.85 NOTE
r-release-windows-ix86+x86_64 1.0.3 15.00 108.00 123.00 NOTE
r-release-osx-x86_64 1.0.3 NOTE
r-oldrel-windows-ix86+x86_64 1.0.3 11.00 72.00 83.00 NOTE
r-oldrel-osx-x86_64 1.0.3 NOTE

Check Details

Version: 1.0.3
Check: package dependencies
Result: NOTE
    Package suggested but not available for checking: 'inSilicoDb'
Flavors: r-devel-linux-x86_64-debian-clang, r-devel-linux-x86_64-debian-gcc, r-devel-linux-x86_64-fedora-clang, r-devel-linux-x86_64-fedora-gcc, r-devel-windows-ix86+x86_64, r-devel-windows-ix86+x86_64-gcc8, r-patched-linux-x86_64, r-patched-solaris-x86, r-release-linux-x86_64, r-release-windows-ix86+x86_64, r-oldrel-windows-ix86+x86_64

Version: 1.0.3
Check: package dependencies
Result: NOTE
    Packages suggested but not available for checking:
     'inSilicoDb', 'mogene10sttranscriptcluster.db'
Flavor: r-release-osx-x86_64

Version: 1.0.3
Check: package dependencies
Result: NOTE
    Packages suggested but not available for checking:
     ‘inSilicoDb’ ‘mogene10sttranscriptcluster.db’
Flavor: r-oldrel-osx-x86_64