CRAN Package Check Results for Package complexNet

Last updated on 2021-10-25 11:55:04 CEST.

Flavor Version Tinstall Tcheck Ttotal Status Flags
r-devel-linux-x86_64-debian-clang 0.1.0 2.19 22.88 25.07 OK
r-devel-linux-x86_64-debian-gcc 0.1.0 1.74 18.20 19.94 OK
r-devel-linux-x86_64-fedora-clang 0.1.0 42.19 NOTE
r-devel-linux-x86_64-fedora-gcc 0.1.0 31.29 NOTE
r-devel-windows-x86_64 0.1.0 4.00 45.00 49.00 OK
r-devel-windows-x86_64-gcc10-UCRT 0.1.0 NOTE
r-patched-linux-x86_64 0.1.0 2.35 22.31 24.66 OK
r-patched-solaris-x86 0.1.0 50.40 NOTE
r-release-linux-x86_64 0.1.0 1.99 22.21 24.20 OK
r-release-macos-arm64 0.1.0 NOTE
r-release-macos-x86_64 0.1.0 NOTE
r-release-windows-ix86+x86_64 0.1.0 5.00 40.00 45.00 OK
r-oldrel-macos-x86_64 0.1.0 NOTE
r-oldrel-windows-ix86+x86_64 0.1.0 6.00 45.00 51.00 OK

Check Details

Version: 0.1.0
Check: dependencies in R code
Result: NOTE
    Namespace in Imports field not imported from: ‘methods’
     All declared Imports should be used.
Flavors: r-devel-linux-x86_64-fedora-clang, r-devel-linux-x86_64-fedora-gcc, r-devel-windows-x86_64-gcc10-UCRT, r-patched-solaris-x86, r-release-macos-arm64, r-release-macos-x86_64, r-oldrel-macos-x86_64