CRAN Package Check Results for Package complexlm

Last updated on 2024-07-23 00:54:24 CEST.

Flavor Version Tinstall Tcheck Ttotal Status Flags
r-devel-linux-x86_64-debian-clang 1.1.2 5.32 47.11 52.43 OK
r-devel-linux-x86_64-debian-gcc 1.1.2 3.52 35.38 38.90 NOTE
r-devel-linux-x86_64-fedora-clang 1.1.2 65.87 OK
r-devel-linux-x86_64-fedora-gcc 1.1.2 63.44 OK
r-devel-windows-x86_64 1.1.2 5.00 60.00 65.00 NOTE
r-patched-linux-x86_64 1.1.2 4.35 45.21 49.56 OK
r-release-linux-x86_64 1.1.2 5.26 45.13 50.39 OK
r-release-macos-arm64 1.1.2 21.00 OK
r-release-macos-x86_64 1.1.2 37.00 OK
r-release-windows-x86_64 1.1.2 5.00 60.00 65.00 OK
r-oldrel-macos-arm64 1.1.2 27.00 OK
r-oldrel-macos-x86_64 1.1.2 62.00 OK
r-oldrel-windows-x86_64 1.1.2 5.00 66.00 71.00 OK

Check Details

Version: 1.1.2
Check: Rd cross-references
Result: NOTE Found the following Rd file(s) with Rd \link{} targets missing package anchors: rlm.Rd: lqs Please provide package anchors for all Rd \link{} targets not in the package itself and the base packages. Flavors: r-devel-linux-x86_64-debian-gcc, r-devel-windows-x86_64