CRAN Package Check Results for Package comprehenr

Last updated on 2022-05-21 22:58:10 CEST.

Flavor Version Tinstall Tcheck Ttotal Status Flags
r-devel-linux-x86_64-debian-clang 0.6.10 1.74 34.66 36.40 NOTE
r-devel-linux-x86_64-debian-gcc 0.6.10 1.76 27.01 28.77 NOTE
r-devel-linux-x86_64-fedora-clang 0.6.10 44.74 NOTE
r-devel-linux-x86_64-fedora-gcc 0.6.10 43.58 NOTE
r-devel-windows-x86_64 0.6.10 22.00 61.00 83.00 NOTE
r-patched-linux-x86_64 0.6.10 1.89 33.45 35.34 NOTE
r-release-linux-x86_64 0.6.10 2.21 33.14 35.35 NOTE
r-release-macos-arm64 0.6.10 17.00 NOTE
r-release-macos-x86_64 0.6.10 22.00 NOTE
r-release-windows-x86_64 0.6.10 32.00 56.00 88.00 NOTE
r-oldrel-macos-arm64 0.6.10 22.00 NOTE
r-oldrel-macos-x86_64 0.6.10 29.00 NOTE
r-oldrel-windows-ix86+x86_64 0.6.10 6.00 40.00 46.00 NOTE

Check Details

Version: 0.6.10
Check: LazyData
Result: NOTE
     'LazyData' is specified without a 'data' directory
Flavors: r-devel-linux-x86_64-debian-clang, r-devel-linux-x86_64-debian-gcc, r-devel-linux-x86_64-fedora-clang, r-devel-linux-x86_64-fedora-gcc, r-devel-windows-x86_64, r-patched-linux-x86_64, r-release-linux-x86_64, r-release-macos-arm64, r-release-macos-x86_64, r-release-windows-x86_64, r-oldrel-macos-arm64, r-oldrel-macos-x86_64, r-oldrel-windows-ix86+x86_64