CRAN Package Check Results for Package con2aqi

Last updated on 2024-04-17 03:51:08 CEST.

Flavor Version Tinstall Tcheck Ttotal Status Flags
r-devel-linux-x86_64-debian-clang 0.1.0 2.03 19.89 21.92 NOTE
r-devel-linux-x86_64-debian-gcc 0.1.0 1.59 15.55 17.14 NOTE
r-devel-linux-x86_64-fedora-clang 0.1.0 28.69 NOTE
r-devel-linux-x86_64-fedora-gcc 0.1.0 29.32 NOTE
r-prerel-macos-arm64 0.1.0 14.00 NOTE
r-prerel-windows-x86_64 0.1.0 3.00 37.00 40.00 NOTE
r-patched-linux-x86_64 0.1.0 2.04 19.20 21.24 NOTE
r-release-linux-x86_64 0.1.0 1.24 19.16 20.40 NOTE
r-release-macos-arm64 0.1.0 14.00 NOTE
r-release-macos-x86_64 0.1.0 18.00 NOTE
r-release-windows-x86_64 0.1.0 4.00 35.00 39.00 NOTE
r-oldrel-macos-arm64 0.1.0 14.00 NOTE
r-oldrel-windows-x86_64 0.1.0 5.00 43.00 48.00 NOTE

Check Details

Version: 0.1.0
Check: LazyData
Result: NOTE 'LazyData' is specified without a 'data' directory Flavors: r-devel-linux-x86_64-debian-clang, r-devel-linux-x86_64-debian-gcc, r-devel-linux-x86_64-fedora-clang, r-devel-linux-x86_64-fedora-gcc, r-prerel-macos-arm64, r-prerel-windows-x86_64, r-patched-linux-x86_64, r-release-linux-x86_64, r-release-macos-arm64, r-release-macos-x86_64, r-release-windows-x86_64, r-oldrel-macos-arm64, r-oldrel-windows-x86_64