CRAN Package Check Results for Package conStruct

Last updated on 2022-08-17 02:52:55 CEST.

Flavor Version Tinstall Tcheck Ttotal Status Flags
r-devel-linux-x86_64-debian-clang 1.0.4 434.95 143.24 578.19 NOTE
r-devel-linux-x86_64-debian-gcc 1.0.4 NOTE
r-devel-linux-x86_64-fedora-clang 1.0.4 732.47 NOTE
r-devel-linux-x86_64-fedora-gcc 1.0.4 896.13 NOTE
r-devel-windows-x86_64 1.0.4 314.00 231.00 545.00 NOTE
r-patched-linux-x86_64 1.0.4 333.31 158.41 491.72 NOTE
r-release-linux-x86_64 1.0.4 326.03 158.31 484.34 NOTE
r-release-macos-arm64 1.0.4 223.00 NOTE
r-release-macos-x86_64 1.0.4 429.00 NOTE
r-release-windows-x86_64 1.0.4 308.00 224.00 532.00 NOTE
r-oldrel-macos-arm64 1.0.4 239.00 NOTE
r-oldrel-macos-x86_64 1.0.4 424.00 NOTE
r-oldrel-windows-ix86+x86_64 1.0.4 991.00 277.00 1268.00 NOTE

Check Details

Version: 1.0.4
Check: for GNU extensions in Makefiles
Result: NOTE
    GNU make is a SystemRequirements.
Flavors: r-devel-linux-x86_64-debian-clang, r-devel-linux-x86_64-debian-gcc, r-devel-linux-x86_64-fedora-clang, r-devel-linux-x86_64-fedora-gcc, r-devel-windows-x86_64, r-patched-linux-x86_64, r-release-linux-x86_64, r-release-macos-arm64, r-release-macos-x86_64, r-release-windows-x86_64, r-oldrel-macos-arm64, r-oldrel-macos-x86_64, r-oldrel-windows-ix86+x86_64

Version: 1.0.4
Check: installed package size
Result: NOTE
     installed size is 5.8Mb
     sub-directories of 1Mb or more:
     libs 4.6Mb
Flavors: r-devel-linux-x86_64-fedora-clang, r-devel-windows-x86_64, r-release-macos-arm64, r-release-macos-x86_64, r-release-windows-x86_64, r-oldrel-macos-arm64, r-oldrel-macos-x86_64, r-oldrel-windows-ix86+x86_64