CRAN Package Check Results for Package concatipede

Last updated on 2021-10-22 14:54:35 CEST.

Flavor Version Tinstall Tcheck Ttotal Status Flags
r-devel-linux-x86_64-debian-clang 1.0.1 3.81 53.43 57.24 OK
r-devel-linux-x86_64-debian-gcc 1.0.1 2.48 41.12 43.60 OK
r-devel-linux-x86_64-fedora-clang 1.0.1 77.20 OK
r-devel-linux-x86_64-fedora-gcc 1.0.1 66.16 OK
r-devel-windows-x86_64 1.0.1 7.00 73.00 80.00 OK
r-devel-windows-x86_64-gcc10-UCRT 1.0.1 ERROR
r-patched-linux-x86_64 1.0.1 3.09 49.21 52.30 OK
r-patched-solaris-x86 1.0.1 72.20 OK
r-release-linux-x86_64 1.0.1 3.41 48.73 52.14 OK
r-release-macos-arm64 1.0.1 OK
r-release-macos-x86_64 1.0.1 OK
r-release-windows-ix86+x86_64 1.0.1 6.00 62.00 68.00 OK
r-oldrel-macos-x86_64 1.0.1 OK
r-oldrel-windows-ix86+x86_64 1.0.1 8.00 70.00 78.00 OK

Check Details

Version: 1.0.1
Check: package dependencies
Result: ERROR
    Package required but not available: 'igraph'
    
    See section 'The DESCRIPTION file' in the 'Writing R Extensions'
    manual.
Flavor: r-devel-windows-x86_64-gcc10-UCRT