Last updated on 2023-03-29 01:51:25 CEST.
Flavor | Version | Tinstall | Tcheck | Ttotal | Status | Flags |
---|---|---|---|---|---|---|
r-devel-linux-x86_64-debian-clang | 1.0.0 | 23.64 | 36.53 | 60.17 | NOTE | |
r-devel-linux-x86_64-debian-gcc | 1.0.0 | 19.06 | 30.29 | 49.35 | NOTE | |
r-devel-linux-x86_64-fedora-clang | 1.0.0 | 86.42 | NOTE | |||
r-devel-linux-x86_64-fedora-gcc | 1.0.0 | 78.53 | NOTE | |||
r-devel-windows-x86_64 | 1.0.0 | 35.00 | 86.00 | 121.00 | NOTE | |
r-patched-linux-x86_64 | 1.0.0 | 19.10 | 37.40 | 56.50 | NOTE | |
r-release-linux-x86_64 | 1.0.0 | 22.28 | 38.66 | 60.94 | OK | |
r-release-macos-arm64 | 1.0.0 | 27.00 | OK | |||
r-release-macos-x86_64 | 1.0.0 | 38.00 | OK | |||
r-release-windows-x86_64 | 1.0.0 | 30.00 | 89.00 | 119.00 | OK | |
r-oldrel-macos-arm64 | 1.0.0 | 28.00 | OK | |||
r-oldrel-macos-x86_64 | 1.0.0 | 33.00 | OK | |||
r-oldrel-windows-ix86+x86_64 | 1.0.0 | 64.00 | 89.00 | 153.00 | OK |
Version: 1.0.0
Check: C++ specification
Result: NOTE
Specified C++11: please drop specification unless essential
Flavors: r-devel-linux-x86_64-debian-clang, r-devel-linux-x86_64-debian-gcc, r-devel-linux-x86_64-fedora-clang, r-devel-linux-x86_64-fedora-gcc, r-devel-windows-x86_64, r-patched-linux-x86_64