Last updated on 2022-08-14 00:54:18 CEST.
Flavor | Version | Tinstall | Tcheck | Ttotal | Status | Flags |
---|---|---|---|---|---|---|
r-devel-linux-x86_64-debian-clang | 1.2-3.1 | 11.73 | 86.53 | 98.26 | NOTE | |
r-devel-linux-x86_64-debian-gcc | 1.2-3.1 | 8.58 | 65.65 | 74.23 | NOTE | |
r-devel-linux-x86_64-fedora-clang | 1.2-3.1 | 133.60 | NOTE | |||
r-devel-linux-x86_64-fedora-gcc | 1.2-3.1 | 135.85 | NOTE | |||
r-devel-windows-x86_64 | 1.2-3.1 | 16.00 | 126.00 | 142.00 | NOTE | |
r-patched-linux-x86_64 | 1.2-3.1 | 9.40 | 82.09 | 91.49 | OK | |
r-release-linux-x86_64 | 1.2-3.1 | 8.53 | 82.34 | 90.87 | OK | |
r-release-macos-arm64 | 1.2-3.1 | 36.00 | OK | |||
r-release-macos-x86_64 | 1.2-3.1 | 55.00 | OK | |||
r-release-windows-x86_64 | 1.2-3.1 | 20.00 | 121.00 | 141.00 | OK | |
r-oldrel-macos-arm64 | 1.2-3.1 | 53.00 | OK | |||
r-oldrel-macos-x86_64 | 1.2-3.1 | 78.00 | OK | |||
r-oldrel-windows-ix86+x86_64 | 1.2-3.1 | 20.00 | 106.00 | 126.00 | OK |
Version: 1.2-3.1
Check: Rd files
Result: NOTE
checkRd: (-1) babies.Rd:35: Escaped LaTeX specials: \&
Flavors: r-devel-linux-x86_64-debian-clang, r-devel-linux-x86_64-debian-gcc, r-devel-linux-x86_64-fedora-clang, r-devel-linux-x86_64-fedora-gcc, r-devel-windows-x86_64