CRAN Package Check Results for Package condGEE

Last updated on 2021-10-28 19:51:55 CEST.

Flavor Version Tinstall Tcheck Ttotal Status Flags
r-devel-linux-x86_64-debian-clang 0.1-4 1.91 24.81 26.72 NOTE
r-devel-linux-x86_64-debian-gcc 0.1-4 1.79 20.12 21.91 NOTE
r-devel-linux-x86_64-fedora-clang 0.1-4 44.02 NOTE
r-devel-linux-x86_64-fedora-gcc 0.1-4 32.98 NOTE
r-devel-windows-x86_64 0.1-4 4.00 44.00 48.00 NOTE
r-devel-windows-x86_64-gcc10-UCRT 0.1-4 NOTE
r-patched-linux-x86_64 0.1-4 2.26 23.78 26.04 NOTE
r-patched-solaris-x86 0.1-4 54.80 NOTE
r-release-linux-x86_64 0.1-4 2.13 24.08 26.21 NOTE
r-release-macos-arm64 0.1-4 NOTE
r-release-macos-x86_64 0.1-4 NOTE
r-release-windows-ix86+x86_64 0.1-4 5.00 44.00 49.00 NOTE
r-oldrel-macos-x86_64 0.1-4 NOTE
r-oldrel-windows-ix86+x86_64 0.1-4 5.00 42.00 47.00 NOTE

Check Details

Version: 0.1-4
Check: R code for possible problems
Result: NOTE
    K1.norm: no visible global function definition for 'dnorm'
    K1.norm: no visible global function definition for 'pnorm'
    K1.t3: no visible global function definition for 'pt'
    K2.norm: no visible global function definition for 'dnorm'
    K2.norm: no visible global function definition for 'pnorm'
    K2.t3: no visible global function definition for 'pt'
    Undefined global functions or variables:
     dnorm pnorm pt
    Consider adding
     importFrom("stats", "dnorm", "pnorm", "pt")
    to your NAMESPACE file.
Flavors: r-devel-linux-x86_64-debian-clang, r-devel-linux-x86_64-debian-gcc, r-devel-linux-x86_64-fedora-clang, r-devel-linux-x86_64-fedora-gcc, r-devel-windows-x86_64, r-devel-windows-x86_64-gcc10-UCRT, r-patched-linux-x86_64, r-patched-solaris-x86, r-release-linux-x86_64, r-release-macos-arm64, r-release-macos-x86_64, r-release-windows-ix86+x86_64, r-oldrel-macos-x86_64, r-oldrel-windows-ix86+x86_64