CRAN Package Check Results for Package condSURV

Last updated on 2021-10-27 00:51:00 CEST.

Flavor Version Tinstall Tcheck Ttotal Status Flags
r-devel-linux-x86_64-debian-clang 2.0.1 12.31 87.33 99.64 OK
r-devel-linux-x86_64-debian-gcc 2.0.1 10.17 67.33 77.50 OK
r-devel-linux-x86_64-fedora-clang 2.0.1 129.52 NOTE
r-devel-linux-x86_64-fedora-gcc 2.0.1 118.14 NOTE
r-devel-windows-x86_64 2.0.1 18.00 87.00 105.00 OK
r-devel-windows-x86_64-gcc10-UCRT 2.0.1 OK
r-patched-linux-x86_64 2.0.1 12.09 84.49 96.58 OK
r-patched-solaris-x86 2.0.1 177.30 OK
r-release-linux-x86_64 2.0.1 12.71 85.14 97.85 OK
r-release-macos-arm64 2.0.1 OK
r-release-macos-x86_64 2.0.1 OK
r-release-windows-ix86+x86_64 2.0.1 21.00 146.00 167.00 OK
r-oldrel-macos-x86_64 2.0.1 OK
r-oldrel-windows-ix86+x86_64 2.0.1 29.00 157.00 186.00 OK

Additional issues

clang-UBSAN gcc-UBSAN

Check Details

Version: 2.0.1
Check: compiled code
Result: NOTE
    File ‘condSURV/libs/condSURV.so’:
     Found no calls to: ‘R_registerRoutines’, ‘R_useDynamicSymbols’
    
    It is good practice to register native routines and to disable symbol
    search.
    
    See ‘Writing portable packages’ in the ‘Writing R Extensions’ manual.
Flavors: r-devel-linux-x86_64-fedora-clang, r-devel-linux-x86_64-fedora-gcc