Last updated on 2023-12-07 13:48:25 CET.
Flavor | Version | Tinstall | Tcheck | Ttotal | Status | Flags |
---|---|---|---|---|---|---|
r-devel-linux-x86_64-debian-clang | 0.0.2 | 8.86 | 75.71 | 84.57 | NOTE | |
r-devel-linux-x86_64-debian-gcc | 0.0.2 | 6.47 | 59.38 | 65.85 | NOTE | |
r-devel-linux-x86_64-fedora-clang | 0.0.2 | 106.80 | NOTE | |||
r-devel-linux-x86_64-fedora-gcc | 0.0.2 | 112.57 | NOTE | |||
r-devel-windows-x86_64 | 0.0.2 | 7.00 | 75.00 | 82.00 | NOTE | |
r-patched-linux-x86_64 | 0.0.2 | 5.99 | 75.81 | 81.80 | NOTE | |
r-release-linux-x86_64 | 0.0.2 | 8.19 | 75.62 | 83.81 | NOTE | |
r-release-macos-arm64 | 0.0.2 | 43.00 | NOTE | |||
r-release-macos-x86_64 | 0.0.2 | 67.00 | NOTE | |||
r-release-windows-x86_64 | 0.0.2 | 10.00 | 87.00 | 97.00 | NOTE | |
r-oldrel-macos-arm64 | 0.0.2 | 42.00 | NOTE | |||
r-oldrel-macos-x86_64 | 0.0.2 | 48.00 | NOTE | |||
r-oldrel-windows-x86_64 | 0.0.2 | 11.00 | 87.00 | 98.00 | NOTE |
Version: 0.0.2
Check: package subdirectories
Result: NOTE
Problems with news in ‘NEWS.md’:
No news entries found.
Flavors: r-devel-linux-x86_64-debian-clang, r-devel-linux-x86_64-debian-gcc, r-devel-linux-x86_64-fedora-clang, r-devel-linux-x86_64-fedora-gcc, r-devel-windows-x86_64, r-patched-linux-x86_64, r-release-linux-x86_64, r-release-macos-arm64, r-release-macos-x86_64, r-release-windows-x86_64
Version: 0.0.2
Check: LazyData
Result: NOTE
'LazyData' is specified without a 'data' directory
Flavors: r-devel-linux-x86_64-debian-clang, r-devel-linux-x86_64-debian-gcc, r-devel-linux-x86_64-fedora-clang, r-devel-linux-x86_64-fedora-gcc, r-devel-windows-x86_64, r-patched-linux-x86_64, r-release-linux-x86_64, r-release-macos-arm64, r-release-macos-x86_64, r-release-windows-x86_64, r-oldrel-macos-arm64, r-oldrel-macos-x86_64, r-oldrel-windows-x86_64
Version: 0.0.2
Check: Rd cross-references
Result: NOTE
Undeclared package ‘mvtnorm’ in Rd xrefs
Flavor: r-devel-linux-x86_64-fedora-clang