CRAN Package Check Results for Package condformat

Last updated on 2017-08-18 08:47:09.

Flavor Version Tinstall Tcheck Ttotal Status Flags
r-devel-linux-x86_64-debian-clang 0.6.0 0.77 27.32 28.09 OK
r-devel-linux-x86_64-debian-gcc 0.6.0 0.84 26.27 27.11 OK
r-devel-linux-x86_64-fedora-clang 0.6.0 51.05 NOTE
r-devel-linux-x86_64-fedora-gcc 0.6.0 50.63 NOTE
r-devel-windows-ix86+x86_64 0.6.0 3.00 51.00 54.00 OK
r-patched-linux-x86_64 0.6.0 0.72 26.58 27.30 OK
r-patched-solaris-x86 0.6.0 64.70 NOTE
r-release-linux-x86_64 0.6.0 0.85 26.69 27.54 OK
r-release-windows-ix86+x86_64 0.6.0 5.00 59.00 64.00 OK
r-release-osx-x86_64 0.6.0 NOTE
r-oldrel-windows-ix86+x86_64 0.6.0 3.00 50.00 53.00 OK
r-oldrel-osx-x86_64 0.6.0 NOTE

Check Details

Version: 0.6.0
Check: dependencies in R code
Result: NOTE
    Namespace in Imports field not imported from: ‘utils’
     All declared Imports should be used.
Flavors: r-devel-linux-x86_64-fedora-clang, r-devel-linux-x86_64-fedora-gcc, r-patched-solaris-x86, r-release-osx-x86_64, r-oldrel-osx-x86_64