CRAN Package Check Results for Package condformat

Last updated on 2017-06-28 06:49:19.

Flavor Version Tinstall Tcheck Ttotal Status Flags
r-devel-linux-x86_64-debian-clang 0.6.0 0.92 27.22 28.13 OK
r-devel-linux-x86_64-debian-gcc 0.6.0 0.82 26.75 27.57 OK
r-devel-linux-x86_64-fedora-clang 0.6.0 52.31 NOTE
r-devel-linux-x86_64-fedora-gcc 0.6.0 50.01 NOTE
r-devel-windows-ix86+x86_64 0.6.0 5.00 54.00 59.00 OK
r-patched-linux-x86_64 0.6.0 1.42 27.31 28.74 OK
r-patched-solaris-sparc 0.6.0 287.60 NOTE
r-patched-solaris-x86 0.6.0 64.50 NOTE
r-release-linux-x86_64 0.6.0 0.87 26.88 27.76 OK
r-release-windows-ix86+x86_64 0.6.0 3.00 68.00 71.00 OK
r-release-osx-x86_64 0.6.0 NOTE
r-oldrel-windows-ix86+x86_64 0.6.0 6.00 64.00 70.00 OK
r-oldrel-osx-x86_64 0.6.0 NOTE

Check Details

Version: 0.6.0
Check: dependencies in R code
Result: NOTE
    Namespace in Imports field not imported from: ‘utils’
     All declared Imports should be used.
Flavors: r-devel-linux-x86_64-fedora-clang, r-devel-linux-x86_64-fedora-gcc, r-patched-solaris-sparc, r-patched-solaris-x86, r-release-osx-x86_64, r-oldrel-osx-x86_64