CRAN Package Check Results for Package condir

Last updated on 2019-03-22 05:50:06 CET.

Flavor Version Tinstall Tcheck Ttotal Status Flags
r-devel-linux-x86_64-debian-clang 0.1.1 2.00 30.37 32.37 OK
r-devel-linux-x86_64-debian-gcc 0.1.1 1.97 24.80 26.77 OK
r-devel-linux-x86_64-fedora-clang 0.1.1 39.47 OK
r-devel-linux-x86_64-fedora-gcc 0.1.1 37.62 OK
r-devel-windows-ix86+x86_64 0.1.1 7.00 54.00 61.00 OK
r-patched-linux-x86_64 0.1.1 1.35 29.05 30.40 NOTE
r-patched-solaris-x86 0.1.1 53.20 OK
r-release-linux-x86_64 0.1.1 1.59 29.01 30.60 NOTE
r-release-windows-ix86+x86_64 0.1.1 4.00 58.00 62.00 OK
r-release-osx-x86_64 0.1.1 OK
r-oldrel-windows-ix86+x86_64 0.1.1 5.00 61.00 66.00 OK
r-oldrel-osx-x86_64 0.1.1 OK

Check Details

Version: 0.1.1
Check: DESCRIPTION meta-information
Result: NOTE
    Dependence on R version ‘3.3.2’ not with patchlevel 0
Flavors: r-patched-linux-x86_64, r-release-linux-x86_64