CRAN Package Check Results for Package condusco

Last updated on 2023-11-29 12:56:43 CET.

Flavor Version Tinstall Tcheck Ttotal Status Flags
r-devel-linux-x86_64-debian-clang 0.1.0 6.26 76.87 83.13 NOTE
r-devel-linux-x86_64-debian-gcc 0.1.0 5.42 56.80 62.22 NOTE
r-devel-linux-x86_64-fedora-clang 0.1.0 101.07 NOTE
r-devel-linux-x86_64-fedora-gcc 0.1.0 110.32 NOTE
r-devel-windows-x86_64 0.1.0 7.00 76.00 83.00 NOTE
r-patched-linux-x86_64 0.1.0 5.75 72.50 78.25 NOTE
r-release-linux-x86_64 0.1.0 7.09 72.58 79.67 NOTE
r-release-macos-arm64 0.1.0 43.00 NOTE
r-release-macos-x86_64 0.1.0 63.00 NOTE
r-release-windows-x86_64 0.1.0 11.00 83.00 94.00 NOTE
r-oldrel-macos-arm64 0.1.0 24.00 NOTE
r-oldrel-macos-x86_64 0.1.0 46.00 NOTE
r-oldrel-windows-x86_64 0.1.0 11.00 92.00 103.00 NOTE

Check Details

Version: 0.1.0
Check: LazyData
Result: NOTE 'LazyData' is specified without a 'data' directory Flavors: r-devel-linux-x86_64-debian-clang, r-devel-linux-x86_64-debian-gcc, r-devel-linux-x86_64-fedora-clang, r-devel-linux-x86_64-fedora-gcc, r-devel-windows-x86_64, r-patched-linux-x86_64, r-release-linux-x86_64, r-release-macos-arm64, r-release-macos-x86_64, r-release-windows-x86_64, r-oldrel-macos-arm64, r-oldrel-macos-x86_64, r-oldrel-windows-x86_64