Last updated on 2023-01-29 15:51:43 CET.
Flavor | Version | Tinstall | Tcheck | Ttotal | Status | Flags |
---|---|---|---|---|---|---|
r-devel-linux-x86_64-debian-clang | 0.1.0 | 7.18 | 78.11 | 85.29 | NOTE | |
r-devel-linux-x86_64-debian-gcc | 0.1.0 | 3.77 | 57.35 | 61.12 | NOTE | |
r-devel-linux-x86_64-fedora-clang | 0.1.0 | 100.01 | NOTE | |||
r-devel-linux-x86_64-fedora-gcc | 0.1.0 | 114.23 | NOTE | |||
r-devel-windows-x86_64 | 0.1.0 | 11.00 | 106.00 | 117.00 | NOTE | |
r-patched-linux-x86_64 | 0.1.0 | 5.43 | 74.68 | 80.11 | NOTE | |
r-release-linux-x86_64 | 0.1.0 | 5.20 | 74.84 | 80.04 | NOTE | |
r-release-macos-arm64 | 0.1.0 | 24.00 | NOTE | |||
r-release-macos-x86_64 | 0.1.0 | 46.00 | NOTE | |||
r-release-windows-x86_64 | 0.1.0 | 13.00 | 102.00 | 115.00 | NOTE | |
r-oldrel-macos-arm64 | 0.1.0 | 35.00 | NOTE | |||
r-oldrel-macos-x86_64 | 0.1.0 | 44.00 | NOTE | |||
r-oldrel-windows-ix86+x86_64 | 0.1.0 | 17.00 | 98.00 | 115.00 | NOTE |
Version: 0.1.0
Check: LazyData
Result: NOTE
'LazyData' is specified without a 'data' directory
Flavors: r-devel-linux-x86_64-debian-clang, r-devel-linux-x86_64-debian-gcc, r-devel-linux-x86_64-fedora-clang, r-devel-linux-x86_64-fedora-gcc, r-devel-windows-x86_64, r-patched-linux-x86_64, r-release-linux-x86_64, r-release-macos-arm64, r-release-macos-x86_64, r-release-windows-x86_64, r-oldrel-macos-arm64, r-oldrel-macos-x86_64, r-oldrel-windows-ix86+x86_64