CRAN Package Check Results for Package configural

Last updated on 2019-10-16 04:46:15 CEST.

Flavor Version Tinstall Tcheck Ttotal Status Flags
r-devel-linux-x86_64-debian-clang 0.1.1 5.53 53.83 59.36 OK
r-devel-linux-x86_64-debian-gcc 0.1.1 4.61 39.21 43.82 OK
r-devel-linux-x86_64-fedora-clang 0.1.1 69.52 NOTE
r-devel-linux-x86_64-fedora-gcc 0.1.1 66.34 NOTE
r-devel-windows-ix86+x86_64 0.1.1 13.00 71.00 84.00 OK
r-patched-linux-x86_64 0.1.1 5.13 50.31 55.44 OK
r-patched-solaris-x86 0.1.1 97.00 NOTE
r-release-linux-x86_64 0.1.1 5.00 51.24 56.24 OK
r-release-windows-ix86+x86_64 0.1.1 11.00 109.00 120.00 OK
r-release-osx-x86_64 0.1.1 NOTE
r-oldrel-windows-ix86+x86_64 0.1.1 7.00 72.00 79.00 OK
r-oldrel-osx-x86_64 0.1.1 NOTE

Check Details

Version: 0.1.1
Check: dependencies in R code
Result: NOTE
    Namespace in Imports field not imported from: ‘cli’
     All declared Imports should be used.
Flavors: r-devel-linux-x86_64-fedora-clang, r-devel-linux-x86_64-fedora-gcc, r-patched-solaris-x86, r-release-osx-x86_64, r-oldrel-osx-x86_64