CRAN Package Check Results for Package conflicted

Last updated on 2019-06-21 01:46:52 CEST.

Flavor Version Tinstall Tcheck Ttotal Status Flags
r-devel-linux-x86_64-debian-clang 1.0.3 2.04 71.63 73.67 OK
r-devel-linux-x86_64-debian-gcc 1.0.3 1.66 57.20 58.86 OK
r-devel-linux-x86_64-fedora-clang 1.0.3 89.23 NOTE
r-devel-linux-x86_64-fedora-gcc 1.0.3 86.13 NOTE
r-devel-windows-ix86+x86_64 1.0.3 8.00 50.00 58.00 OK
r-patched-linux-x86_64 1.0.3 1.95 72.32 74.27 OK
r-patched-solaris-x86 1.0.3 48.30 NOTE
r-release-linux-x86_64 1.0.3 2.17 71.76 73.93 OK
r-release-windows-ix86+x86_64 1.0.3 6.00 52.00 58.00 OK
r-release-osx-x86_64 1.0.3 NOTE
r-oldrel-windows-ix86+x86_64 1.0.3 3.00 51.00 54.00 OK
r-oldrel-osx-x86_64 1.0.3 NOTE

Check Details

Version: 1.0.3
Check: dependencies in R code
Result: NOTE
    Namespace in Imports field not imported from: ‘memoise’
     All declared Imports should be used.
Flavors: r-devel-linux-x86_64-fedora-clang, r-devel-linux-x86_64-fedora-gcc, r-patched-solaris-x86, r-release-osx-x86_64, r-oldrel-osx-x86_64