CRAN Package Check Results for Package conformalClassification

Last updated on 2024-05-30 02:59:52 CEST.

Flavor Version Tinstall Tcheck Ttotal Status Flags
r-devel-linux-x86_64-debian-clang 1.0.0 1.71 31.20 32.91 NOTE
r-devel-linux-x86_64-debian-gcc 1.0.0 2.12 23.04 25.16 NOTE
r-devel-linux-x86_64-fedora-clang 1.0.0 41.74 NOTE
r-devel-linux-x86_64-fedora-gcc 1.0.0 39.81 NOTE
r-devel-windows-x86_64 1.0.0 3.00 47.00 50.00 NOTE
r-patched-linux-x86_64 1.0.0 2.60 30.17 32.77 NOTE
r-release-linux-x86_64 1.0.0 2.46 30.24 32.70 NOTE
r-release-macos-arm64 1.0.0 18.00 NOTE
r-release-windows-x86_64 1.0.0 3.00 47.00 50.00 NOTE
r-oldrel-macos-arm64 1.0.0 21.00 NOTE
r-oldrel-macos-x86_64 1.0.0 26.00 NOTE
r-oldrel-windows-x86_64 1.0.0 4.00 47.00 51.00 NOTE

Check Details

Version: 1.0.0
Check: LazyData
Result: NOTE 'LazyData' is specified without a 'data' directory Flavors: r-devel-linux-x86_64-debian-clang, r-devel-linux-x86_64-debian-gcc, r-devel-linux-x86_64-fedora-clang, r-devel-linux-x86_64-fedora-gcc, r-devel-windows-x86_64, r-patched-linux-x86_64, r-release-linux-x86_64, r-release-macos-arm64, r-release-windows-x86_64, r-oldrel-macos-arm64, r-oldrel-macos-x86_64, r-oldrel-windows-x86_64