CRAN Package Check Results for Package conformalClassification

Last updated on 2021-12-04 05:57:08 CET.

Flavor Version Tinstall Tcheck Ttotal Status Flags
r-devel-linux-x86_64-debian-clang 1.0.0 2.63 29.10 31.73 NOTE
r-devel-linux-x86_64-debian-gcc 1.0.0 2.12 29.36 31.48 NOTE
r-devel-linux-x86_64-fedora-clang 1.0.0 49.85 NOTE
r-devel-linux-x86_64-fedora-gcc 1.0.0 38.62 NOTE
r-devel-windows-x86_64-new-UL 1.0.0 7.00 64.00 71.00 NOTE
r-devel-windows-x86_64-new-TK 1.0.0 NOTE
r-devel-windows-x86_64-old 1.0.0 4.00 39.00 43.00 NOTE
r-patched-linux-x86_64 1.0.0 2.89 28.41 31.30 NOTE
r-release-linux-x86_64 1.0.0 2.45 28.47 30.92 NOTE
r-release-macos-arm64 1.0.0 NOTE
r-release-macos-x86_64 1.0.0 NOTE
r-release-windows-ix86+x86_64 1.0.0 6.00 48.00 54.00 NOTE
r-oldrel-macos-x86_64 1.0.0 OK
r-oldrel-windows-ix86+x86_64 1.0.0 7.00 50.00 57.00 OK

Check Details

Version: 1.0.0
Check: LazyData
Result: NOTE
     'LazyData' is specified without a 'data' directory
Flavors: r-devel-linux-x86_64-debian-clang, r-devel-linux-x86_64-debian-gcc, r-devel-linux-x86_64-fedora-clang, r-devel-linux-x86_64-fedora-gcc, r-devel-windows-x86_64-new-UL, r-devel-windows-x86_64-new-TK, r-devel-windows-x86_64-old, r-patched-linux-x86_64, r-release-linux-x86_64, r-release-macos-arm64, r-release-macos-x86_64, r-release-windows-ix86+x86_64