CRAN Package Check Results for Package conformalClassification

Last updated on 2022-12-07 07:54:27 CET.

Flavor Version Tinstall Tcheck Ttotal Status Flags
r-devel-linux-x86_64-debian-clang 1.0.0 2.65 32.95 35.60 NOTE
r-devel-linux-x86_64-debian-gcc 1.0.0 2.10 24.61 26.71 NOTE
r-devel-linux-x86_64-fedora-clang 1.0.0 56.84 NOTE
r-devel-linux-x86_64-fedora-gcc 1.0.0 51.95 NOTE
r-devel-windows-x86_64 1.0.0 71.00 63.00 134.00 NOTE
r-patched-linux-x86_64 1.0.0 2.99 30.99 33.98 NOTE
r-release-linux-x86_64 1.0.0 2.67 30.54 33.21 NOTE
r-release-macos-arm64 1.0.0 18.00 NOTE
r-release-macos-x86_64 1.0.0 24.00 NOTE
r-release-windows-x86_64 1.0.0 8.00 58.00 66.00 NOTE
r-oldrel-macos-arm64 1.0.0 24.00 NOTE
r-oldrel-macos-x86_64 1.0.0 32.00 NOTE
r-oldrel-windows-ix86+x86_64 1.0.0 7.00 54.00 61.00 NOTE

Check Details

Version: 1.0.0
Check: LazyData
Result: NOTE
     'LazyData' is specified without a 'data' directory
Flavors: r-devel-linux-x86_64-debian-clang, r-devel-linux-x86_64-debian-gcc, r-devel-linux-x86_64-fedora-clang, r-devel-linux-x86_64-fedora-gcc, r-devel-windows-x86_64, r-patched-linux-x86_64, r-release-linux-x86_64, r-release-macos-arm64, r-release-macos-x86_64, r-release-windows-x86_64, r-oldrel-macos-arm64, r-oldrel-macos-x86_64, r-oldrel-windows-ix86+x86_64