CRAN Package Check Results for Package conjoint

Last updated on 2021-11-29 15:51:08 CET.

Flavor Version Tinstall Tcheck Ttotal Status Flags
r-devel-linux-x86_64-debian-clang 1.41 10.02 130.92 140.94 NOTE
r-devel-linux-x86_64-debian-gcc 1.41 8.56 95.62 104.18 NOTE
r-devel-linux-x86_64-fedora-clang 1.41 176.50 NOTE
r-devel-linux-x86_64-fedora-gcc 1.41 164.46 NOTE
r-devel-windows-x86_64-new-UL 1.41 23.00 185.00 208.00 OK
r-devel-windows-x86_64-new-TK 1.41 OK
r-devel-windows-x86_64-old 1.41 17.00 130.00 147.00 OK
r-patched-linux-x86_64 1.41 6.06 122.16 128.22 NOTE
r-patched-solaris-x86 1.41 218.80 NOTE
r-release-linux-x86_64 1.41 10.12 123.53 133.65 NOTE
r-release-macos-arm64 1.41 OK
r-release-macos-x86_64 1.41 OK
r-release-windows-ix86+x86_64 1.41 25.00 130.00 155.00 OK
r-oldrel-macos-x86_64 1.41 OK
r-oldrel-windows-ix86+x86_64 1.41 20.00 118.00 138.00 OK

Check Details

Version: 1.41
Check: for non-standard things in the check directory
Result: NOTE
    Found the following files/directories:
     'design_names.csv' 'design_numbers.csv'
     'encoded_orthogonal_factorial_design.csv'
     'orthogonal_factorial_design.csv'
Flavors: r-devel-linux-x86_64-debian-clang, r-devel-linux-x86_64-debian-gcc, r-devel-linux-x86_64-fedora-clang, r-devel-linux-x86_64-fedora-gcc, r-patched-linux-x86_64, r-patched-solaris-x86, r-release-linux-x86_64