CRAN Package Check Results for Package conjoint

Last updated on 2024-02-27 14:49:22 CET.

Flavor Version Tinstall Tcheck Ttotal Status Flags
r-devel-linux-x86_64-debian-clang 1.41 10.08 140.69 150.77 NOTE
r-devel-linux-x86_64-debian-gcc 1.41 10.19 102.56 112.75 NOTE
r-devel-linux-x86_64-fedora-clang 1.41 184.73 NOTE
r-devel-linux-x86_64-fedora-gcc 1.41 179.50 NOTE
r-devel-windows-x86_64 1.41 11.00 122.00 133.00 OK
r-patched-linux-x86_64 1.41 7.83 136.05 143.88 NOTE
r-release-linux-x86_64 1.41 7.35 137.13 144.48 NOTE
r-release-macos-arm64 1.41 53.00 OK
r-release-macos-x86_64 1.41 84.00 OK
r-release-windows-x86_64 1.41 13.00 150.00 163.00 OK
r-oldrel-macos-arm64 1.41 48.00 OK
r-oldrel-windows-x86_64 1.41 15.00 156.00 171.00 OK

Check Details

Version: 1.41
Check: for non-standard things in the check directory
Result: NOTE Found the following files/directories: ‘design_names.csv’ ‘design_numbers.csv’ ‘encoded_orthogonal_factorial_design.csv’ ‘orthogonal_factorial_design.csv’ Flavors: r-devel-linux-x86_64-debian-clang, r-devel-linux-x86_64-debian-gcc, r-devel-linux-x86_64-fedora-clang, r-devel-linux-x86_64-fedora-gcc, r-patched-linux-x86_64, r-release-linux-x86_64