CRAN Package Check Results for Package conjoint

Last updated on 2020-09-23 09:24:18 CEST.

Flavor Version Tinstall Tcheck Ttotal Status Flags
r-devel-linux-x86_64-debian-clang 1.41 10.86 124.43 135.29 NOTE
r-devel-linux-x86_64-debian-gcc 1.41 8.51 91.68 100.19 NOTE
r-devel-linux-x86_64-fedora-clang 1.41 172.76 NOTE
r-devel-linux-x86_64-fedora-gcc 1.41 155.14 NOTE
r-devel-windows-ix86+x86_64 1.41 24.00 159.00 183.00 OK
r-patched-linux-x86_64 1.41 10.37 117.41 127.78 NOTE
r-patched-solaris-x86 1.41 207.70 NOTE
r-release-linux-x86_64 1.41 9.86 116.41 126.27 NOTE
r-release-macos-x86_64 1.41 OK
r-release-windows-ix86+x86_64 1.41 25.00 169.00 194.00 OK
r-oldrel-macos-x86_64 1.41 OK
r-oldrel-windows-ix86+x86_64 1.41 15.00 152.00 167.00 OK

Check Details

Version: 1.41
Check: for non-standard things in the check directory
Result: NOTE
    Found the following files/directories:
     'design_names.csv' 'design_numbers.csv'
     'encoded_orthogonal_factorial_design.csv'
     'orthogonal_factorial_design.csv'
Flavors: r-devel-linux-x86_64-debian-clang, r-devel-linux-x86_64-debian-gcc, r-devel-linux-x86_64-fedora-clang, r-devel-linux-x86_64-fedora-gcc, r-patched-linux-x86_64, r-patched-solaris-x86, r-release-linux-x86_64