CRAN Package Check Results for Package connections

Last updated on 2020-01-21 10:49:06 CET.

Flavor Version Tinstall Tcheck Ttotal Status Flags
r-devel-linux-x86_64-debian-clang 0.1.0 4.60 40.27 44.87 OK
r-devel-linux-x86_64-debian-gcc 0.1.0 3.89 30.95 34.84 OK
r-devel-linux-x86_64-fedora-clang 0.1.0 55.13 OK
r-devel-linux-x86_64-fedora-gcc 0.1.0 52.24 OK
r-devel-windows-ix86+x86_64 0.1.0 18.00 59.00 77.00 OK
r-devel-windows-ix86+x86_64-gcc8 0.1.0 13.00 86.00 99.00 OK
r-patched-linux-x86_64 0.1.0 3.78 35.55 39.33 OK
r-patched-solaris-x86 0.1.0 70.70 OK
r-release-linux-x86_64 0.1.0 3.26 35.52 38.78 OK
r-release-windows-ix86+x86_64 0.1.0 8.00 79.00 87.00 OK
r-release-osx-x86_64 0.1.0 ERROR
r-oldrel-windows-ix86+x86_64 0.1.0 5.00 48.00 53.00 OK
r-oldrel-osx-x86_64 0.1.0 ERROR

Check Details

Version: 0.1.0
Check: tests
Result: ERROR
     Running ‘testthat.R’ [3s/3s]
    Running the tests in ‘tests/testthat.R’ failed.
    Last 13 lines of output:
     11. pins::board_pin_store(...)
     13. pins:::board_pin_create.local(...)
     14. pins:::pin_registry_update(name = name, component = board$name)
     15. pins:::pin_registry_save_entries(entries, component)
     16. yaml::write_yaml(entries, pin_registry_config(component))
     17. base::file(file, "w", encoding = fileEncoding)
    
     ══ testthat results ═══════════════════════════════════════════════════════════
     [ OK: 22 | SKIPPED: 0 | WARNINGS: 0 | FAILED: 1 ]
     1. Error: tbl pin is created w/o error (@test-pins.R#16)
    
     Error: testthat unit tests failed
     In addition: Warning message:
     call dbDisconnect() when finished working with a connection
     Execution halted
Flavor: r-release-osx-x86_64

Version: 0.1.0
Check: tests
Result: ERROR
     Running ‘testthat.R’ [2s/2s]
    Running the tests in ‘tests/testthat.R’ failed.
    Last 13 lines of output:
     11. pins::board_pin_store(...)
     13. pins:::board_pin_create.local(...)
     14. pins:::pin_registry_update(name = name, component = board$name)
     15. pins:::pin_registry_save_entries(entries, component)
     16. yaml::write_yaml(entries, pin_registry_config(component))
     17. base::file(file, "w", encoding = fileEncoding)
    
     ══ testthat results ═══════════════════════════════════════════════════════════
     [ OK: 22 | SKIPPED: 0 | WARNINGS: 0 | FAILED: 1 ]
     1. Error: tbl pin is created w/o error (@test-pins.R#16)
    
     Error: testthat unit tests failed
     In addition: Warning message:
     call dbDisconnect() when finished working with a connection
     Execution halted
Flavor: r-oldrel-osx-x86_64