CRAN Package Check Results for Package connections

Last updated on 2021-09-24 11:50:23 CEST.

Flavor Version Tinstall Tcheck Ttotal Status Flags
r-devel-linux-x86_64-debian-clang 0.1.1 4.79 47.42 52.21 NOTE
r-devel-linux-x86_64-debian-gcc 0.1.1 3.79 35.53 39.32 NOTE
r-devel-linux-x86_64-fedora-clang 0.1.1 69.69 NOTE
r-devel-linux-x86_64-fedora-gcc 0.1.1 58.75 NOTE
r-devel-windows-x86_64 0.1.1 6.00 52.00 58.00 NOTE
r-devel-windows-x86_64-gcc10-UCRT 0.1.1 NOTE
r-patched-linux-x86_64 0.1.1 8.77 43.46 52.23 NOTE
r-patched-solaris-x86 0.1.1 88.30 NOTE
r-release-linux-x86_64 0.1.1 5.03 43.60 48.63 NOTE
r-release-macos-arm64 0.1.1 NOTE
r-release-macos-x86_64 0.1.1 NOTE
r-release-windows-ix86+x86_64 0.1.1 11.00 48.00 59.00 NOTE
r-oldrel-macos-x86_64 0.1.1 OK
r-oldrel-windows-ix86+x86_64 0.1.1 10.00 50.00 60.00 OK

Check Details

Version: 0.1.1
Check: LazyData
Result: NOTE
     'LazyData' is specified without a 'data' directory
Flavors: r-devel-linux-x86_64-debian-clang, r-devel-linux-x86_64-debian-gcc, r-devel-linux-x86_64-fedora-clang, r-devel-linux-x86_64-fedora-gcc, r-devel-windows-x86_64, r-devel-windows-x86_64-gcc10-UCRT, r-patched-linux-x86_64, r-patched-solaris-x86, r-release-linux-x86_64, r-release-macos-arm64, r-release-macos-x86_64, r-release-windows-ix86+x86_64