CRAN Package Check Results for Package connections

Last updated on 2019-12-10 19:48:45 CET.

Flavor Version Tinstall Tcheck Ttotal Status Flags
r-devel-linux-x86_64-debian-clang 0.1.0 4.66 40.28 44.94 OK
r-devel-linux-x86_64-debian-gcc 0.1.0 3.90 31.08 34.98 OK
r-devel-linux-x86_64-fedora-clang 0.1.0 53.07 OK
r-devel-linux-x86_64-fedora-gcc 0.1.0 51.01 OK
r-devel-windows-ix86+x86_64 0.1.0 12.00 81.00 93.00 OK
r-devel-windows-ix86+x86_64-gcc8 0.1.0 14.00 54.00 68.00 OK
r-patched-linux-x86_64 0.1.0 3.87 35.06 38.93 OK
r-patched-solaris-x86 0.1.0 70.30 OK
r-release-linux-x86_64 0.1.0 3.89 35.75 39.64 OK
r-release-windows-ix86+x86_64 0.1.0 10.00 47.00 57.00 OK
r-release-osx-x86_64 0.1.0 ERROR
r-oldrel-windows-ix86+x86_64 0.1.0 6.00 45.00 51.00 OK
r-oldrel-osx-x86_64 0.1.0 ERROR

Check Details

Version: 0.1.0
Check: tests
Result: ERROR
     Running ‘testthat.R’ [2s/3s]
    Running the tests in ‘tests/testthat.R’ failed.
    Last 13 lines of output:
     11. pins::board_pin_store(...)
     13. pins:::board_pin_create.local(...)
     14. pins:::pin_registry_update(name = name, component = board$name)
     15. pins:::pin_registry_save_entries(entries, component)
     16. yaml::write_yaml(entries, pin_registry_config(component))
     17. base::file(file, "w", encoding = fileEncoding)
    
     ══ testthat results ═══════════════════════════════════════════════════════════
     [ OK: 22 | SKIPPED: 0 | WARNINGS: 0 | FAILED: 1 ]
     1. Error: tbl pin is created w/o error (@test-pins.R#16)
    
     Error: testthat unit tests failed
     In addition: Warning message:
     call dbDisconnect() when finished working with a connection
     Execution halted
Flavor: r-release-osx-x86_64

Version: 0.1.0
Check: tests
Result: ERROR
     Running ‘testthat.R’ [2s/2s]
    Running the tests in ‘tests/testthat.R’ failed.
    Last 13 lines of output:
     11. pins::board_pin_store(...)
     13. pins:::board_pin_create.local(...)
     14. pins:::pin_registry_update(name = name, component = board$name)
     15. pins:::pin_registry_save_entries(entries, component)
     16. yaml::write_yaml(entries, pin_registry_config(component))
     17. base::file(file, "w", encoding = fileEncoding)
    
     ══ testthat results ═══════════════════════════════════════════════════════════
     [ OK: 22 | SKIPPED: 0 | WARNINGS: 0 | FAILED: 1 ]
     1. Error: tbl pin is created w/o error (@test-pins.R#16)
    
     Error: testthat unit tests failed
     In addition: Warning message:
     call dbDisconnect() when finished working with a connection
     Execution halted
Flavor: r-oldrel-osx-x86_64