CRAN Package Check Results for Package connectwidgets

Last updated on 2021-10-24 01:51:26 CEST.

Flavor Version Tinstall Tcheck Ttotal Status Flags
r-devel-linux-x86_64-debian-clang 0.1.1 3.86 40.79 44.65 OK
r-devel-linux-x86_64-debian-gcc 0.1.1 3.50 31.55 35.05 OK
r-devel-linux-x86_64-fedora-clang 0.1.1 63.88 NOTE
r-devel-linux-x86_64-fedora-gcc 0.1.1 54.38 NOTE
r-devel-windows-x86_64 0.1.1 8.00 65.00 73.00 OK
r-devel-windows-x86_64-gcc10-UCRT 0.1.1 NOTE
r-patched-linux-x86_64 0.1.1 4.83 39.73 44.56 OK
r-patched-solaris-x86 0.1.1 81.60 NOTE
r-release-linux-x86_64 0.1.1 4.13 39.60 43.73 OK
r-release-macos-arm64 0.1.1 NOTE
r-release-macos-x86_64 0.1.1 NOTE
r-release-windows-ix86+x86_64 0.1.1 8.00 65.00 73.00 OK
r-oldrel-macos-x86_64 0.1.1 NOTE
r-oldrel-windows-ix86+x86_64 0.1.1 11.00 65.00 76.00 OK

Check Details

Version: 0.1.1
Check: dependencies in R code
Result: NOTE
    Namespaces in Imports field not imported from:
     ‘R6’ ‘httr’ ‘jsonlite’
     All declared Imports should be used.
Flavors: r-devel-linux-x86_64-fedora-clang, r-devel-linux-x86_64-fedora-gcc, r-devel-windows-x86_64-gcc10-UCRT, r-patched-solaris-x86, r-release-macos-arm64, r-release-macos-x86_64, r-oldrel-macos-x86_64

Version: 0.1.1
Check: installed package size
Result: NOTE
     installed size is 5.2Mb
     sub-directories of 1Mb or more:
     help 1.0Mb
     htmlwidgets 3.7Mb
Flavor: r-patched-solaris-x86