CRAN Package Check Results for Package conogive

Last updated on 2021-11-28 15:48:37 CET.

Flavor Version Tinstall Tcheck Ttotal Status Flags
r-devel-linux-x86_64-debian-clang 1.0.0 NOTE
r-devel-linux-x86_64-debian-gcc 1.0.0 1.80 22.20 24.00 NOTE
r-devel-linux-x86_64-fedora-clang 1.0.0 48.97 NOTE
r-devel-linux-x86_64-fedora-gcc 1.0.0 37.50 NOTE
r-devel-windows-x86_64-new-UL 1.0.0 6.00 61.00 67.00 NOTE
r-devel-windows-x86_64-new-TK 1.0.0 NOTE
r-devel-windows-x86_64-old 1.0.0 4.00 49.00 53.00 NOTE
r-patched-linux-x86_64 1.0.0 2.58 27.56 30.14 NOTE
r-patched-solaris-x86 1.0.0 57.20 NOTE
r-release-linux-x86_64 1.0.0 2.16 27.87 30.03 NOTE
r-release-macos-arm64 1.0.0 NOTE
r-release-macos-x86_64 1.0.0 NOTE
r-release-windows-ix86+x86_64 1.0.0 5.00 35.00 40.00 NOTE
r-oldrel-macos-x86_64 1.0.0 OK
r-oldrel-windows-ix86+x86_64 1.0.0 4.00 50.00 54.00 OK

Check Details

Version: 1.0.0
Check: LazyData
Result: NOTE
     'LazyData' is specified without a 'data' directory
Flavors: r-devel-linux-x86_64-debian-clang, r-devel-linux-x86_64-debian-gcc, r-devel-linux-x86_64-fedora-clang, r-devel-linux-x86_64-fedora-gcc, r-devel-windows-x86_64-new-UL, r-devel-windows-x86_64-new-TK, r-devel-windows-x86_64-old, r-patched-linux-x86_64, r-patched-solaris-x86, r-release-linux-x86_64, r-release-macos-arm64, r-release-macos-x86_64, r-release-windows-ix86+x86_64