CRAN Package Check Results for Package conos

Last updated on 2021-05-17 20:48:18 CEST.

Flavor Version Tinstall Tcheck Ttotal Status Flags
r-devel-linux-x86_64-debian-clang 1.4.0 231.76 265.89 497.65 NOTE
r-devel-linux-x86_64-debian-gcc 1.4.1 143.63 173.87 317.50 NOTE
r-devel-windows-ix86+x86_64 1.4.1 357.00 279.00 636.00 NOTE
r-devel-windows-x86_64-gcc10-UCRT 1.4.0 NOTE
r-patched-linux-x86_64 1.4.0 195.91 219.04 414.95 NOTE
r-release-linux-x86_64 1.4.0 185.28 210.96 396.24 NOTE
r-release-macos-x86_64 1.4.1 NOTE
r-release-windows-ix86+x86_64 1.4.0 405.00 290.00 695.00 NOTE
r-oldrel-macos-x86_64 1.4.1 NOTE
r-oldrel-windows-ix86+x86_64 1.4.0 0.00 8.00 8.00 ERROR

Check Details

Version: 1.4.0
Check: package dependencies
Result: NOTE
    Packages suggested but not available for checking: 'conosPanel', 'p2data'
Flavors: r-devel-linux-x86_64-debian-clang, r-patched-linux-x86_64, r-release-linux-x86_64, r-release-windows-ix86+x86_64

Version: 1.4.1
Check: package dependencies
Result: NOTE
    Packages suggested but not available for checking: 'conosPanel', 'p2data'
Flavors: r-devel-linux-x86_64-debian-gcc, r-devel-windows-ix86+x86_64, r-release-macos-x86_64

Version: 1.4.0
Check: package dependencies
Result: NOTE
    Packages suggested but not available for checking:
     'conosPanel', 'org.Mm.eg.db', 'p2data', 'rhdf5'
Flavor: r-devel-windows-x86_64-gcc10-UCRT

Version: 1.4.1
Check: installed package size
Result: NOTE
     installed size is 11.3Mb
     sub-directories of 1Mb or more:
     libs 9.5Mb
Flavors: r-release-macos-x86_64, r-oldrel-macos-x86_64

Version: 1.4.1
Check: package dependencies
Result: NOTE
    Packages suggested but not available for checking:
     'conosPanel', 'GO.db', 'org.Hs.eg.db', 'org.Mm.eg.db', 'p2data'
Flavor: r-oldrel-macos-x86_64

Version: 1.4.0
Check: package dependencies
Result: ERROR
    Packages required but not available: 'leidenAlg', 'N2R'
    
    Packages suggested but not available for checking:
     'conosPanel', 'p2data', 'pagoda2'
    
    See section 'The DESCRIPTION file' in the 'Writing R Extensions'
    manual.
Flavor: r-oldrel-windows-ix86+x86_64